{"id":987,"date":"2014-05-27T19:11:02","date_gmt":"2014-05-27T11:11:17","guid":{"rendered":"http:\/\/www.grenouillere-museum.com\/grenouillere\/?page_id=987"},"modified":"2019-12-03T11:56:30","modified_gmt":"2019-12-03T10:56:30","slug":"pratique","status":"publish","type":"page","link":"https:\/\/www.grenouillere-museum.com\/grenouillere\/visites-2\/pratique\/","title":{"rendered":"Pratique"},"content":{"rendered":"<section class=\"wpb-content-wrapper\"><p>[vc_row][vc_column width=\u00a0\u00bb1\/2&Prime;][vc_raw_html el_class=\u00a0\u00bbvignette_2&Prime;]JTNDc2VjdGlvbiUyMGl0ZW10eXBlJTNEJTIyaHR0cCUzQSUyRiUyRm1pY3JvZm9ybWF0cy5vcmclMkZwcm9maWxlJTJGaGNhcmQlMjIlMjBpdGVtc2NvcGUlM0UlMEElMjAlMjAlM0NhcnRpY2xlJTIwaXRlbXByb3AlM0QlMjJhZHIlMjIlMjBpdGVtc2NvcGUlM0UlMEElMjAlMjAlMjAlM0NwJTNFJTNDc3BhbiUyMGl0ZW1wcm9wJTNEJTIyc3RyZWV0LWFkZHJlc3MlMjIlM0VNdXMlQzMlQTllJTIwZGUlMjBsYSUyMEdyZW5vdWlsbCVDMyVBOHJlJTNDJTJGc3BhbiUzRSUzQyUyRnAlM0UlMjAlM0NhJTIwaHJlZiUzRCUyMnRlbCUzQTAxJTIwMzAlMjA1MyUyMDYxJTIwMDIlMjIlM0UlMjAwMSUyMDMwJTIwNTMlMjA2MSUyMDAyJTNDJTJGYSUzRSUyMCUzQyUyRnAlM0UlM0MlMkZhcnRpY2xlJTNFJTBBJTIwJTIwJTNDYXJ0aWNsZSUzRSUwQSUyMCUyMCUyMCUyMCUzQ3AlM0VNdXMlQzMlQTllJTIwZGUlMjBsYSUyMEdyZW5vdWlsbCVDMyVBOHJlJTJDJTIwRXNwYWNlJTIwQ2hhbm9yaWVyJTIwLSUyMDEyJTIwR3JhbmRlJTIwcnVlJTJDJTIwNzgyOTAlMjBDcm9pc3N5LXN1ciUyMFNlaW5lJTJDJTIwJTBBJUVGJTgyJUEwJTA5QSUyMDEwJTIwbWludXRlcyUyMCVDMyVBMCUyMHBpZWQlMjBkZSUyMGxhJTIwZ2FyZSUyMENoYXRvdS1Dcm9pc3N5JTJDJTIwUkVSJTIwQS4lMjB3d3cuZ3Jlbm91aWxsZXJlLW11c2V1bS5jb20lMEElRUYlODIlQTAlMDlPdXZlcnR1cmUlMjAlM0ElMjBtZXJjcmVkaSUyMGV0JTIwZGltYW5jaGUlMjBkZSUyMDE0aDMwJTIwJUMzJUEwJTIwMThoMDAlMkMlMjBldCUyMHRvdXMlMjBsZXMlMjBqb3VycyUyMHBvdXIlMjBsZXMlMjBncm91cGVzLiUwQSUwQSUyMCUyMCUyMCUyMCUyMCUyMCUzQyUzQyUyRnRpbWUlM0UlMEElMjAlMjAlMjAlMjAlMjAlMjAlM0N0aW1lJTIwZGF0ZXRpbWUlM0QlM0MlMkZ0aW1lJTNFJTBBJTIwJTIwJTIwJTIwJTNDJTJGcCUzRSUwQSUyMCUyMCUyMCUyMCUzQyUyRmFydGljbGUlM0UlMEElMEElMEElM0MlMkZzZWN0aW9uJTNF[\/vc_raw_html][vc_raw_html el_class=\u00a0\u00bbvignette_2&Prime;]JTNDYXJ0aWNsZSUzRSUzQ3AlM0VUYXJpZnMlMjBwYXIlMjBwZXJzb25uZSUyMCUzQSUzQyUyRnAlM0UlMEElM0NwJTNFSW5kaXZpZHVlbCUyMGVuJTIwdmlzaXRlJTIwbGlicmUlMjAlM0ElMjA1JUUyJTgyJUFDJTIwJTNDJTJGcCUzRSUzQ3AlM0VSJUMzJUE5ZHVpdCUyMCUzQTMlRTIlODIlQUMlMjAlM0MlMkZwJTNFJTNDcCUzRUdyYXR1aXQlMjAlM0ElMjBtb2lucyUyMGRlJTIwMTIlMjBhbnMlMjBldCUyMGFkaCVDMyVBOXJlbnRzJTI5JTNDJTJGcCUzRSUwQSUzQ3AlM0VHcm91cGUlMjBlbiUyMHZpc2l0ZSUyMGd1aWQlQzMlQTllJTIwJTNBJTIwNiVFMiU4MiVBQyUzQyUyRnAlM0UlMEElM0NwJTNFR3JvdXBlJTIwc2NvbGFpcmUlMjBlbiUyMHZpc2l0ZSUyMGd1aWQlQzMlQTllJTIwJTNBJTIwMyVFMiU4MiVBQyUzQyUyRnAlM0UlMEElM0NwJTNFUG91ciUyMGxlcyUyMGdyb3VwZXMlMjAlM0ElMjB2aXNpdGVzJTIwZ3VpZCVDMyVBOWVzJTIwZW4lMjBmcmFuJUMzJUE3YWlzJTJDJTIwYW5nbGFpcyUyMGV0JTIwaXRhbGllbiUyMHRvdXMlMjBsZXMlMjBqb3VycyUyMGRlJTIwbGElMjBzZW1haW5lJTIwc3VyJTIwciVDMyVBOXNlcnZhdGlvbi4lM0MlMkZwJTNFJTNDJTJGYXJ0aWNsZSUzRQ==[\/vc_raw_html][vc_video link=\u00a0\u00bbhttps:\/\/youtu.be\/X8-zsc-14xk\u00a0\u00bb][vc_raw_html][\/vc_raw_html][\/vc_column][vc_column width=\u00a0\u00bb1\/2&Prime;][vc_column_text el_class=\u00a0\u00bbvignette_2&Prime;]ACC\u00c8S :<br \/>\nRER A station Chatou-Croissy &#8211; Sortie c\u00f4t\u00e9 Croissy rue de Lab\u00e9lonye, puis prendre \u00e0 gauche avenue Paul Doumer (+ 10 minutes \u00e0 pied)<br \/>\nRN 186 Pont de Chatou<br \/>\nRN 13 Pont de Bougival[\/vc_column_text][vc_single_image image=\u00a0\u00bb3179&Prime; img_size=\u00a0\u00bbfull\u00a0\u00bb alignment=\u00a0\u00bbcenter\u00a0\u00bb style=\u00a0\u00bbvc_box_shadow_border\u00a0\u00bb el_class=\u00a0\u00bbvignette_2&Prime;][vc_raw_html el_class=\u00a0\u00bbvignette_2&Prime;]<\/p>\n<p>JTNDYXJ0aWNsZSUzRSUzQ2gzJTNFQSUyMHZvaXIlMjBhdXglMjBhbGVudG91cnMlM0ElM0MlMkZoMyUzRSUwQSUzQ2g0JTNFJTNDYSUyMHRpdGxlJTNEJTIybGUlMjBzaXRlJTIwZGUlMjBsJTI3RXNwYWNlJTIwQ2hhbm9yaWVyJTIwZGUlMjBDcm9pc3N5JTIwc3VyJTIwU2VpbmUlMjIlMjBocmVmJTNEJTIyaHR0cCUzQSUyRiUyRnd3dy5lc3BhY2VjaGFub3JpZXIuZnIlMjIlM0VFc3BhY2UlMjBDaGFub3JpZXIlM0MlMkZhJTNFJTNDJTJGaDQlM0UlMEElMEElM0NoNCUzRSUzQ2ElMjB0aXRsZSUzRCUyMmxlJTIwc2l0ZSUyMGRlJTIwbCUyN2VzcGFjZSUyMGNoYW5vcmllciUyMGRlJTIwY3JvaXNzeSUyMHN1ciUyMHNlaW5lJTIyJTIwaHJlZiUzRCUyMmh0dHAlM0ElMkYlMkZ3d3cucGF5cy1kZXMtaW1wcmVzc2lvbm5pc3Rlcy5mciUyMiUzRVBheXMlMjBkZXMlMjBJbXByZXNzaW9ubmlzdGVzJTNDJTJGYSUzRSUzQyUyRmg0JTNFJTNDJTJGYXJ0aWNsZSUzRQ==<\/p>\n<p>[\/vc_raw_html][vc_gmaps link=\u00a0\u00bb#E-8_JTNDaWZyYW1lJTIwc3JjJTNEJTIyaHR0cHMlM0ElMkYlMkZ3d3cuZ29vZ2xlLmNvbSUyRm1hcHMlMkZlbWJlZCUzRnBiJTNEJTIxMW0xOCUyMTFtMTIlMjExbTMlMjExZDI2MjMuOTczOTI2MTU0MDQzJTIxMmQyLjE1MjQzNjU5OTk5OTk5NDQlMjEzZDQ4Ljg3Nzc3MzYlMjEybTMlMjExZjAlMjEyZjAlMjEzZjAlMjEzbTIlMjExaTEwMjQlMjEyaTc2OCUyMTRmMTMuMSUyMTNtMyUyMTFtMiUyMTFzMHg0N2U2NjMyM2FjOTk5NzY3JTI1M0EweDQ5MTRhMDAwYjIyNTM0MzIlMjEyczEyJTJCR3JhbmRlJTJCUnVlJTIxNWUwJTIxM20yJTIxMXNmciUyMTJzZnIlMjE0djE0MDE2NDk0MTIzODYlMjIlMjB3aWR0aCUzRCUyMjEwMCUyNSUyMiUyMGhlaWdodCUzRCUyMjMwMHB4JTIyJTIwZnJhbWVib3JkZXIlM0QlMjIwJTIyJTIwc3R5bGUlM0QlMjJib3JkZXIlM0EwJTIyJTNFJTNDJTJGaWZyYW1lJTNF\u00a0\u00bb el_class=\u00a0\u00bbvignette_2&Prime;][\/vc_column][\/vc_row][vc_row][vc_column width=\u00a0\u00bb1\/2&Prime;][vc_column_text]<br \/>\n[\/vc_column_text][\/vc_column][vc_column width=\u00a0\u00bb1\/2&Prime;][vc_column_text]<br \/>\n[\/vc_column_text][\/vc_column][\/vc_row]<\/p>\n<\/section>","protected":false},"excerpt":{"rendered":"<p>[vc_row][vc_column width=\u00a0\u00bb1\/2&Prime;][vc_raw_html el_class=\u00a0\u00bbvignette_2&Prime;]JTNDc2VjdGlvbiUyMGl0ZW10eXBlJTNEJTIyaHR0cCUzQSUyRiUyRm1pY3JvZm9ybWF0cy5vcmclMkZwcm9maWxlJTJGaGNhcmQlMjIlMjBpdGVtc2NvcGUlM0UlMEElMjAlMjAlM0NhcnRpY2xlJTIwaXRlbXByb3AlM0QlMjJhZHIlMjIlMjBpdGVtc2NvcGUlM0UlMEElMjAlMjAlMjAlM0NwJTNFJTNDc3BhbiUyMGl0ZW1wcm9wJTNEJTIyc3RyZWV0LWFkZHJlc3MlMjIlM0VNdXMlQzMlQTllJTIwZGUlMjBsYSUyMEdyZW5vdWlsbCVDMyVBOHJlJTNDJTJGc3BhbiUzRSUzQyUyRnAlM0UlMjAlM0NhJTIwaHJlZiUzRCUyMnRlbCUzQTAxJTIwMzAlMjA1MyUyMDYxJTIwMDIlMjIlM0UlMjAwMSUyMDMwJTIwNTMlMjA2MSUyMDAyJTNDJTJGYSUzRSUyMCUzQyUyRnAlM0UlM0MlMkZhcnRpY2xlJTNFJTBBJTIwJTIwJTNDYXJ0aWNsZSUzRSUwQSUyMCUyMCUyMCUyMCUzQ3AlM0VNdXMlQzMlQTllJTIwZGUlMjBsYSUyMEdyZW5vdWlsbCVDMyVBOHJlJTJDJTIwRXNwYWNlJTIwQ2hhbm9yaWVyJTIwLSUyMDEyJTIwR3JhbmRlJTIwcnVlJTJDJTIwNzgyOTAlMjBDcm9pc3N5LXN1ciUyMFNlaW5lJTJDJTIwJTBBJUVGJTgyJUEwJTA5QSUyMDEwJTIwbWludXRlcyUyMCVDMyVBMCUyMHBpZWQlMjBkZSUyMGxhJTIwZ2FyZSUyMENoYXRvdS1Dcm9pc3N5JTJDJTIwUkVSJTIwQS4lMjB3d3cuZ3Jlbm91aWxsZXJlLW11c2V1bS5jb20lMEElRUYlODIlQTAlMDlPdXZlcnR1cmUlMjAlM0ElMjBtZXJjcmVkaSUyMGV0JTIwZGltYW5jaGUlMjBkZSUyMDE0aDMwJTIwJUMzJUEwJTIwMThoMDAlMkMlMjBldCUyMHRvdXMlMjBsZXMlMjBqb3VycyUyMHBvdXIlMjBsZXMlMjBncm91cGVzLiUwQSUwQSUyMCUyMCUyMCUyMCUyMCUyMCUzQyUzQyUyRnRpbWUlM0UlMEElMjAlMjAlMjAlMjAlMjAlMjAlM0N0aW1lJTIwZGF0ZXRpbWUlM0QlM0MlMkZ0aW1lJTNFJTBBJTIwJTIwJTIwJTIwJTNDJTJGcCUzRSUwQSUyMCUyMCUyMCUyMCUzQyUyRmFydGljbGUlM0UlMEElMEElMEElM0MlMkZzZWN0aW9uJTNF[\/vc_raw_html][vc_raw_html el_class=\u00a0\u00bbvignette_2&Prime;]JTNDYXJ0aWNsZSUzRSUzQ3AlM0VUYXJpZnMlMjBwYXIlMjBwZXJzb25uZSUyMCUzQSUzQyUyRnAlM0UlMEElM0NwJTNFSW5kaXZpZHVlbCUyMGVuJTIwdmlzaXRlJTIwbGlicmUlMjAlM0ElMjA1JUUyJTgyJUFDJTIwJTNDJTJGcCUzRSUzQ3AlM0VSJUMzJUE5ZHVpdCUyMCUzQTMlRTIlODIlQUMlMjAlM0MlMkZwJTNFJTNDcCUzRUdyYXR1aXQlMjAlM0ElMjBtb2lucyUyMGRlJTIwMTIlMjBhbnMlMjBldCUyMGFkaCVDMyVBOXJlbnRzJTI5JTNDJTJGcCUzRSUwQSUzQ3AlM0VHcm91cGUlMjBlbiUyMHZpc2l0ZSUyMGd1aWQlQzMlQTllJTIwJTNBJTIwNiVFMiU4MiVBQyUzQyUyRnAlM0UlMEElM0NwJTNFR3JvdXBlJTIwc2NvbGFpcmUlMjBlbiUyMHZpc2l0ZSUyMGd1aWQlQzMlQTllJTIwJTNBJTIwMyVFMiU4MiVBQyUzQyUyRnAlM0UlMEElM0NwJTNFUG91ciUyMGxlcyUyMGdyb3VwZXMlMjAlM0ElMjB2aXNpdGVzJTIwZ3VpZCVDMyVBOWVzJTIwZW4lMjBmcmFuJUMzJUE3YWlzJTJDJTIwYW5nbGFpcyUyMGV0JTIwaXRhbGllbiUyMHRvdXMlMjBsZXMlMjBqb3VycyUyMGRlJTIwbGElMjBzZW1haW5lJTIwc3VyJTIwciVDMyVBOXNlcnZhdGlvbi4lM0MlMkZwJTNFJTNDJTJGYXJ0aWNsZSUzRQ==[\/vc_raw_html][vc_video link=\u00a0\u00bbhttps:\/\/youtu.be\/X8-zsc-14xk\u00a0\u00bb][vc_raw_html][\/vc_raw_html][\/vc_column][vc_column width=\u00a0\u00bb1\/2&Prime;][vc_column_text el_class=\u00a0\u00bbvignette_2&Prime;]ACC\u00c8S : RER A station Chatou-Croissy &#8211; Sortie c\u00f4t\u00e9 Croissy rue de Lab\u00e9lonye, puis prendre \u00e0 gauche avenue Paul Doumer (+ 10 minutes \u00e0 pied) RN 186 Pont de Chatou RN 13 Pont de Bougival[\/vc_column_text][vc_single_image image=\u00a0\u00bb3179&Prime; img_size=\u00a0\u00bbfull\u00a0\u00bb alignment=\u00a0\u00bbcenter\u00a0\u00bb style=\u00a0\u00bbvc_box_shadow_border\u00a0\u00bb el_class=\u00a0\u00bbvignette_2&Prime;][vc_raw_html el_class=\u00a0\u00bbvignette_2&Prime;] JTNDYXJ0aWNsZSUzRSUzQ2gzJTNFQSUyMHZvaXIlMjBhdXglMjBhbGVudG91cnMlM0ElM0MlMkZoMyUzRSUwQSUzQ2g0JTNFJTNDYSUyMHRpdGxlJTNEJTIybGUlMjBzaXRlJTIwZGUlMjBsJTI3RXNwYWNlJTIwQ2hhbm9yaWVyJTIwZGUlMjBDcm9pc3N5JTIwc3VyJTIwU2VpbmUlMjIlMjBocmVmJTNEJTIyaHR0cCUzQSUyRiUyRnd3dy5lc3BhY2VjaGFub3JpZXIuZnIlMjIlM0VFc3BhY2UlMjBDaGFub3JpZXIlM0MlMkZhJTNFJTNDJTJGaDQlM0UlMEElMEElM0NoNCUzRSUzQ2ElMjB0aXRsZSUzRCUyMmxlJTIwc2l0ZSUyMGRlJTIwbCUyN2VzcGFjZSUyMGNoYW5vcmllciUyMGRlJTIwY3JvaXNzeSUyMHN1ciUyMHNlaW5lJTIyJTIwaHJlZiUzRCUyMmh0dHAlM0ElMkYlMkZ3d3cucGF5cy1kZXMtaW1wcmVzc2lvbm5pc3Rlcy5mciUyMiUzRVBheXMlMjBkZXMlMjBJbXByZXNzaW9ubmlzdGVzJTNDJTJGYSUzRSUzQyUyRmg0JTNFJTNDJTJGYXJ0aWNsZSUzRQ== [\/vc_raw_html][vc_gmaps link=\u00a0\u00bb#E-8_JTNDaWZyYW1lJTIwc3JjJTNEJTIyaHR0cHMlM0ElMkYlMkZ3d3cuZ29vZ2xlLmNvbSUyRm1hcHMlMkZlbWJlZCUzRnBiJTNEJTIxMW0xOCUyMTFtMTIlMjExbTMlMjExZDI2MjMuOTczOTI2MTU0MDQzJTIxMmQyLjE1MjQzNjU5OTk5OTk5NDQlMjEzZDQ4Ljg3Nzc3MzYlMjEybTMlMjExZjAlMjEyZjAlMjEzZjAlMjEzbTIlMjExaTEwMjQlMjEyaTc2OCUyMTRmMTMuMSUyMTNtMyUyMTFtMiUyMTFzMHg0N2U2NjMyM2FjOTk5NzY3JTI1M0EweDQ5MTRhMDAwYjIyNTM0MzIlMjEyczEyJTJCR3JhbmRlJTJCUnVlJTIxNWUwJTIxM20yJTIxMXNmciUyMTJzZnIlMjE0djE0MDE2NDk0MTIzODYlMjIlMjB3aWR0aCUzRCUyMjEwMCUyNSUyMiUyMGhlaWdodCUzRCUyMjMwMHB4JTIyJTIwZnJhbWVib3JkZXIlM0QlMjIwJTIyJTIwc3R5bGUlM0QlMjJib3JkZXIlM0EwJTIyJTNFJTNDJTJGaWZyYW1lJTNF\u00a0\u00bb el_class=\u00a0\u00bbvignette_2&Prime;][\/vc_column][\/vc_row][vc_row][vc_column width=\u00a0\u00bb1\/2&Prime;][vc_column_text] [\/vc_column_text][\/vc_column][vc_column width=\u00a0\u00bb1\/2&Prime;][vc_column_text] [\/vc_column_text][\/vc_column][\/vc_row]<\/p>\n","protected":false},"author":2,"featured_media":0,"parent":477,"menu_order":0,"comment_status":"closed","ping_status":"open","template":"","meta":{"_genesis_hide_title":false,"_genesis_hide_breadcrumbs":false,"_genesis_hide_singular_image":false,"_genesis_hide_footer_widgets":false,"_genesis_custom_body_class":"","_genesis_custom_post_class":"","_genesis_layout":"","footnotes":""},"yoast_head":"<!-- This site is optimized with the Yoast SEO plugin v23.5 - https:\/\/yoast.com\/wordpress\/plugins\/seo\/ -->\n<title>Pratique - Mus\u00e9e de la Grenouill\u00e8re Croissy sur Seine<\/title>\n<meta name=\"robots\" content=\"index, follow, max-snippet:-1, max-image-preview:large, max-video-preview:-1\" \/>\n<link rel=\"canonical\" href=\"https:\/\/www.grenouillere-museum.com\/grenouillere\/visites-2\/pratique\/\" \/>\n<meta property=\"og:locale\" content=\"fr_FR\" \/>\n<meta property=\"og:type\" content=\"article\" \/>\n<meta property=\"og:title\" content=\"Pratique - Mus\u00e9e de la Grenouill\u00e8re Croissy sur Seine\" \/>\n<meta property=\"og:description\" content=\"[vc_row][vc_column width=\u00a0\u00bb1\/2&Prime;][vc_raw_html el_class=\u00a0\u00bbvignette_2&Prime;]JTNDc2VjdGlvbiUyMGl0ZW10eXBlJTNEJTIyaHR0cCUzQSUyRiUyRm1pY3JvZm9ybWF0cy5vcmclMkZwcm9maWxlJTJGaGNhcmQlMjIlMjBpdGVtc2NvcGUlM0UlMEElMjAlMjAlM0NhcnRpY2xlJTIwaXRlbXByb3AlM0QlMjJhZHIlMjIlMjBpdGVtc2NvcGUlM0UlMEElMjAlMjAlMjAlM0NwJTNFJTNDc3BhbiUyMGl0ZW1wcm9wJTNEJTIyc3RyZWV0LWFkZHJlc3MlMjIlM0VNdXMlQzMlQTllJTIwZGUlMjBsYSUyMEdyZW5vdWlsbCVDMyVBOHJlJTNDJTJGc3BhbiUzRSUzQyUyRnAlM0UlMjAlM0NhJTIwaHJlZiUzRCUyMnRlbCUzQTAxJTIwMzAlMjA1MyUyMDYxJTIwMDIlMjIlM0UlMjAwMSUyMDMwJTIwNTMlMjA2MSUyMDAyJTNDJTJGYSUzRSUyMCUzQyUyRnAlM0UlM0MlMkZhcnRpY2xlJTNFJTBBJTIwJTIwJTNDYXJ0aWNsZSUzRSUwQSUyMCUyMCUyMCUyMCUzQ3AlM0VNdXMlQzMlQTllJTIwZGUlMjBsYSUyMEdyZW5vdWlsbCVDMyVBOHJlJTJDJTIwRXNwYWNlJTIwQ2hhbm9yaWVyJTIwLSUyMDEyJTIwR3JhbmRlJTIwcnVlJTJDJTIwNzgyOTAlMjBDcm9pc3N5LXN1ciUyMFNlaW5lJTJDJTIwJTBBJUVGJTgyJUEwJTA5QSUyMDEwJTIwbWludXRlcyUyMCVDMyVBMCUyMHBpZWQlMjBkZSUyMGxhJTIwZ2FyZSUyMENoYXRvdS1Dcm9pc3N5JTJDJTIwUkVSJTIwQS4lMjB3d3cuZ3Jlbm91aWxsZXJlLW11c2V1bS5jb20lMEElRUYlODIlQTAlMDlPdXZlcnR1cmUlMjAlM0ElMjBtZXJjcmVkaSUyMGV0JTIwZGltYW5jaGUlMjBkZSUyMDE0aDMwJTIwJUMzJUEwJTIwMThoMDAlMkMlMjBldCUyMHRvdXMlMjBsZXMlMjBqb3VycyUyMHBvdXIlMjBsZXMlMjBncm91cGVzLiUwQSUwQSUyMCUyMCUyMCUyMCUyMCUyMCUzQyUzQyUyRnRpbWUlM0UlMEElMjAlMjAlMjAlMjAlMjAlMjAlM0N0aW1lJTIwZGF0ZXRpbWUlM0QlM0MlMkZ0aW1lJTNFJTBBJTIwJTIwJTIwJTIwJTNDJTJGcCUzRSUwQSUyMCUyMCUyMCUyMCUzQyUyRmFydGljbGUlM0UlMEElMEElMEElM0MlMkZzZWN0aW9uJTNF[\/vc_raw_html][vc_raw_html el_class=\u00a0\u00bbvignette_2&Prime;]JTNDYXJ0aWNsZSUzRSUzQ3AlM0VUYXJpZnMlMjBwYXIlMjBwZXJzb25uZSUyMCUzQSUzQyUyRnAlM0UlMEElM0NwJTNFSW5kaXZpZHVlbCUyMGVuJTIwdmlzaXRlJTIwbGlicmUlMjAlM0ElMjA1JUUyJTgyJUFDJTIwJTNDJTJGcCUzRSUzQ3AlM0VSJUMzJUE5ZHVpdCUyMCUzQTMlRTIlODIlQUMlMjAlM0MlMkZwJTNFJTNDcCUzRUdyYXR1aXQlMjAlM0ElMjBtb2lucyUyMGRlJTIwMTIlMjBhbnMlMjBldCUyMGFkaCVDMyVBOXJlbnRzJTI5JTNDJTJGcCUzRSUwQSUzQ3AlM0VHcm91cGUlMjBlbiUyMHZpc2l0ZSUyMGd1aWQlQzMlQTllJTIwJTNBJTIwNiVFMiU4MiVBQyUzQyUyRnAlM0UlMEElM0NwJTNFR3JvdXBlJTIwc2NvbGFpcmUlMjBlbiUyMHZpc2l0ZSUyMGd1aWQlQzMlQTllJTIwJTNBJTIwMyVFMiU4MiVBQyUzQyUyRnAlM0UlMEElM0NwJTNFUG91ciUyMGxlcyUyMGdyb3VwZXMlMjAlM0ElMjB2aXNpdGVzJTIwZ3VpZCVDMyVBOWVzJTIwZW4lMjBmcmFuJUMzJUE3YWlzJTJDJTIwYW5nbGFpcyUyMGV0JTIwaXRhbGllbiUyMHRvdXMlMjBsZXMlMjBqb3VycyUyMGRlJTIwbGElMjBzZW1haW5lJTIwc3VyJTIwciVDMyVBOXNlcnZhdGlvbi4lM0MlMkZwJTNFJTNDJTJGYXJ0aWNsZSUzRQ==[\/vc_raw_html][vc_video link=\u00a0\u00bbhttps:\/\/youtu.be\/X8-zsc-14xk\u00a0\u00bb][vc_raw_html][\/vc_raw_html][\/vc_column][vc_column width=\u00a0\u00bb1\/2&Prime;][vc_column_text el_class=\u00a0\u00bbvignette_2&Prime;]ACC\u00c8S : RER A station Chatou-Croissy &#8211; Sortie c\u00f4t\u00e9 Croissy rue de Lab\u00e9lonye, puis prendre \u00e0 gauche avenue Paul Doumer (+ 10 minutes \u00e0 pied) RN 186 Pont de Chatou RN 13 Pont de Bougival[\/vc_column_text][vc_single_image image=\u00a0\u00bb3179&Prime; img_size=\u00a0\u00bbfull\u00a0\u00bb alignment=\u00a0\u00bbcenter\u00a0\u00bb style=\u00a0\u00bbvc_box_shadow_border\u00a0\u00bb el_class=\u00a0\u00bbvignette_2&Prime;][vc_raw_html el_class=\u00a0\u00bbvignette_2&Prime;] JTNDYXJ0aWNsZSUzRSUzQ2gzJTNFQSUyMHZvaXIlMjBhdXglMjBhbGVudG91cnMlM0ElM0MlMkZoMyUzRSUwQSUzQ2g0JTNFJTNDYSUyMHRpdGxlJTNEJTIybGUlMjBzaXRlJTIwZGUlMjBsJTI3RXNwYWNlJTIwQ2hhbm9yaWVyJTIwZGUlMjBDcm9pc3N5JTIwc3VyJTIwU2VpbmUlMjIlMjBocmVmJTNEJTIyaHR0cCUzQSUyRiUyRnd3dy5lc3BhY2VjaGFub3JpZXIuZnIlMjIlM0VFc3BhY2UlMjBDaGFub3JpZXIlM0MlMkZhJTNFJTNDJTJGaDQlM0UlMEElMEElM0NoNCUzRSUzQ2ElMjB0aXRsZSUzRCUyMmxlJTIwc2l0ZSUyMGRlJTIwbCUyN2VzcGFjZSUyMGNoYW5vcmllciUyMGRlJTIwY3JvaXNzeSUyMHN1ciUyMHNlaW5lJTIyJTIwaHJlZiUzRCUyMmh0dHAlM0ElMkYlMkZ3d3cucGF5cy1kZXMtaW1wcmVzc2lvbm5pc3Rlcy5mciUyMiUzRVBheXMlMjBkZXMlMjBJbXByZXNzaW9ubmlzdGVzJTNDJTJGYSUzRSUzQyUyRmg0JTNFJTNDJTJGYXJ0aWNsZSUzRQ== [\/vc_raw_html][vc_gmaps link=\u00a0\u00bb#E-8_JTNDaWZyYW1lJTIwc3JjJTNEJTIyaHR0cHMlM0ElMkYlMkZ3d3cuZ29vZ2xlLmNvbSUyRm1hcHMlMkZlbWJlZCUzRnBiJTNEJTIxMW0xOCUyMTFtMTIlMjExbTMlMjExZDI2MjMuOTczOTI2MTU0MDQzJTIxMmQyLjE1MjQzNjU5OTk5OTk5NDQlMjEzZDQ4Ljg3Nzc3MzYlMjEybTMlMjExZjAlMjEyZjAlMjEzZjAlMjEzbTIlMjExaTEwMjQlMjEyaTc2OCUyMTRmMTMuMSUyMTNtMyUyMTFtMiUyMTFzMHg0N2U2NjMyM2FjOTk5NzY3JTI1M0EweDQ5MTRhMDAwYjIyNTM0MzIlMjEyczEyJTJCR3JhbmRlJTJCUnVlJTIxNWUwJTIxM20yJTIxMXNmciUyMTJzZnIlMjE0djE0MDE2NDk0MTIzODYlMjIlMjB3aWR0aCUzRCUyMjEwMCUyNSUyMiUyMGhlaWdodCUzRCUyMjMwMHB4JTIyJTIwZnJhbWVib3JkZXIlM0QlMjIwJTIyJTIwc3R5bGUlM0QlMjJib3JkZXIlM0EwJTIyJTNFJTNDJTJGaWZyYW1lJTNF\u00a0\u00bb el_class=\u00a0\u00bbvignette_2&Prime;][\/vc_column][\/vc_row][vc_row][vc_column width=\u00a0\u00bb1\/2&Prime;][vc_column_text] [\/vc_column_text][\/vc_column][vc_column width=\u00a0\u00bb1\/2&Prime;][vc_column_text] [\/vc_column_text][\/vc_column][\/vc_row]\" \/>\n<meta property=\"og:url\" content=\"https:\/\/www.grenouillere-museum.com\/grenouillere\/visites-2\/pratique\/\" \/>\n<meta property=\"og:site_name\" content=\"Mus\u00e9e de la Grenouill\u00e8re Croissy sur Seine\" \/>\n<meta property=\"article:publisher\" content=\"https:\/\/www.facebook.com\/grenouillere.museum\/\" \/>\n<meta property=\"article:modified_time\" content=\"2019-12-03T10:56:30+00:00\" \/>\n<meta name=\"twitter:card\" content=\"summary_large_image\" \/>\n<meta name=\"twitter:label1\" content=\"Dur\u00e9e de lecture estim\u00e9e\" \/>\n\t<meta name=\"twitter:data1\" content=\"2 minutes\" \/>\n<script type=\"application\/ld+json\" class=\"yoast-schema-graph\">{\"@context\":\"https:\/\/schema.org\",\"@graph\":[{\"@type\":\"WebPage\",\"@id\":\"https:\/\/www.grenouillere-museum.com\/grenouillere\/visites-2\/pratique\/\",\"url\":\"https:\/\/www.grenouillere-museum.com\/grenouillere\/visites-2\/pratique\/\",\"name\":\"Pratique - Mus\u00e9e de la Grenouill\u00e8re Croissy sur Seine\",\"isPartOf\":{\"@id\":\"https:\/\/www.grenouillere-museum.com\/grenouillere\/#website\"},\"datePublished\":\"2014-05-27T11:11:17+00:00\",\"dateModified\":\"2019-12-03T10:56:30+00:00\",\"breadcrumb\":{\"@id\":\"https:\/\/www.grenouillere-museum.com\/grenouillere\/visites-2\/pratique\/#breadcrumb\"},\"inLanguage\":\"fr-FR\",\"potentialAction\":[{\"@type\":\"ReadAction\",\"target\":[\"https:\/\/www.grenouillere-museum.com\/grenouillere\/visites-2\/pratique\/\"]}]},{\"@type\":\"BreadcrumbList\",\"@id\":\"https:\/\/www.grenouillere-museum.com\/grenouillere\/visites-2\/pratique\/#breadcrumb\",\"itemListElement\":[{\"@type\":\"ListItem\",\"position\":1,\"name\":\"Accueil\",\"item\":\"https:\/\/www.grenouillere-museum.com\/grenouillere\/\"},{\"@type\":\"ListItem\",\"position\":2,\"name\":\"visites\",\"item\":\"https:\/\/www.grenouillere-museum.com\/grenouillere\/visites-2\/\"},{\"@type\":\"ListItem\",\"position\":3,\"name\":\"Pratique\"}]},{\"@type\":\"WebSite\",\"@id\":\"https:\/\/www.grenouillere-museum.com\/grenouillere\/#website\",\"url\":\"https:\/\/www.grenouillere-museum.com\/grenouillere\/\",\"name\":\"Mus\u00e9e de la Grenouill\u00e8re\",\"description\":\"Laissez-vous emmener sur le lieu de naissance de l\u2019Impressionnisme\",\"potentialAction\":[{\"@type\":\"SearchAction\",\"target\":{\"@type\":\"EntryPoint\",\"urlTemplate\":\"https:\/\/www.grenouillere-museum.com\/grenouillere\/?s={search_term_string}\"},\"query-input\":{\"@type\":\"PropertyValueSpecification\",\"valueRequired\":true,\"valueName\":\"search_term_string\"}}],\"inLanguage\":\"fr-FR\"}]}<\/script>\n<!-- \/ Yoast SEO plugin. -->","yoast_head_json":{"title":"Pratique - Mus\u00e9e de la Grenouill\u00e8re Croissy sur Seine","robots":{"index":"index","follow":"follow","max-snippet":"max-snippet:-1","max-image-preview":"max-image-preview:large","max-video-preview":"max-video-preview:-1"},"canonical":"https:\/\/www.grenouillere-museum.com\/grenouillere\/visites-2\/pratique\/","og_locale":"fr_FR","og_type":"article","og_title":"Pratique - Mus\u00e9e de la Grenouill\u00e8re Croissy sur Seine","og_description":"[vc_row][vc_column width=\u00a0\u00bb1\/2&Prime;][vc_raw_html el_class=\u00a0\u00bbvignette_2&Prime;]JTNDc2VjdGlvbiUyMGl0ZW10eXBlJTNEJTIyaHR0cCUzQSUyRiUyRm1pY3JvZm9ybWF0cy5vcmclMkZwcm9maWxlJTJGaGNhcmQlMjIlMjBpdGVtc2NvcGUlM0UlMEElMjAlMjAlM0NhcnRpY2xlJTIwaXRlbXByb3AlM0QlMjJhZHIlMjIlMjBpdGVtc2NvcGUlM0UlMEElMjAlMjAlMjAlM0NwJTNFJTNDc3BhbiUyMGl0ZW1wcm9wJTNEJTIyc3RyZWV0LWFkZHJlc3MlMjIlM0VNdXMlQzMlQTllJTIwZGUlMjBsYSUyMEdyZW5vdWlsbCVDMyVBOHJlJTNDJTJGc3BhbiUzRSUzQyUyRnAlM0UlMjAlM0NhJTIwaHJlZiUzRCUyMnRlbCUzQTAxJTIwMzAlMjA1MyUyMDYxJTIwMDIlMjIlM0UlMjAwMSUyMDMwJTIwNTMlMjA2MSUyMDAyJTNDJTJGYSUzRSUyMCUzQyUyRnAlM0UlM0MlMkZhcnRpY2xlJTNFJTBBJTIwJTIwJTNDYXJ0aWNsZSUzRSUwQSUyMCUyMCUyMCUyMCUzQ3AlM0VNdXMlQzMlQTllJTIwZGUlMjBsYSUyMEdyZW5vdWlsbCVDMyVBOHJlJTJDJTIwRXNwYWNlJTIwQ2hhbm9yaWVyJTIwLSUyMDEyJTIwR3JhbmRlJTIwcnVlJTJDJTIwNzgyOTAlMjBDcm9pc3N5LXN1ciUyMFNlaW5lJTJDJTIwJTBBJUVGJTgyJUEwJTA5QSUyMDEwJTIwbWludXRlcyUyMCVDMyVBMCUyMHBpZWQlMjBkZSUyMGxhJTIwZ2FyZSUyMENoYXRvdS1Dcm9pc3N5JTJDJTIwUkVSJTIwQS4lMjB3d3cuZ3Jlbm91aWxsZXJlLW11c2V1bS5jb20lMEElRUYlODIlQTAlMDlPdXZlcnR1cmUlMjAlM0ElMjBtZXJjcmVkaSUyMGV0JTIwZGltYW5jaGUlMjBkZSUyMDE0aDMwJTIwJUMzJUEwJTIwMThoMDAlMkMlMjBldCUyMHRvdXMlMjBsZXMlMjBqb3VycyUyMHBvdXIlMjBsZXMlMjBncm91cGVzLiUwQSUwQSUyMCUyMCUyMCUyMCUyMCUyMCUzQyUzQyUyRnRpbWUlM0UlMEElMjAlMjAlMjAlMjAlMjAlMjAlM0N0aW1lJTIwZGF0ZXRpbWUlM0QlM0MlMkZ0aW1lJTNFJTBBJTIwJTIwJTIwJTIwJTNDJTJGcCUzRSUwQSUyMCUyMCUyMCUyMCUzQyUyRmFydGljbGUlM0UlMEElMEElMEElM0MlMkZzZWN0aW9uJTNF[\/vc_raw_html][vc_raw_html el_class=\u00a0\u00bbvignette_2&Prime;]JTNDYXJ0aWNsZSUzRSUzQ3AlM0VUYXJpZnMlMjBwYXIlMjBwZXJzb25uZSUyMCUzQSUzQyUyRnAlM0UlMEElM0NwJTNFSW5kaXZpZHVlbCUyMGVuJTIwdmlzaXRlJTIwbGlicmUlMjAlM0ElMjA1JUUyJTgyJUFDJTIwJTNDJTJGcCUzRSUzQ3AlM0VSJUMzJUE5ZHVpdCUyMCUzQTMlRTIlODIlQUMlMjAlM0MlMkZwJTNFJTNDcCUzRUdyYXR1aXQlMjAlM0ElMjBtb2lucyUyMGRlJTIwMTIlMjBhbnMlMjBldCUyMGFkaCVDMyVBOXJlbnRzJTI5JTNDJTJGcCUzRSUwQSUzQ3AlM0VHcm91cGUlMjBlbiUyMHZpc2l0ZSUyMGd1aWQlQzMlQTllJTIwJTNBJTIwNiVFMiU4MiVBQyUzQyUyRnAlM0UlMEElM0NwJTNFR3JvdXBlJTIwc2NvbGFpcmUlMjBlbiUyMHZpc2l0ZSUyMGd1aWQlQzMlQTllJTIwJTNBJTIwMyVFMiU4MiVBQyUzQyUyRnAlM0UlMEElM0NwJTNFUG91ciUyMGxlcyUyMGdyb3VwZXMlMjAlM0ElMjB2aXNpdGVzJTIwZ3VpZCVDMyVBOWVzJTIwZW4lMjBmcmFuJUMzJUE3YWlzJTJDJTIwYW5nbGFpcyUyMGV0JTIwaXRhbGllbiUyMHRvdXMlMjBsZXMlMjBqb3VycyUyMGRlJTIwbGElMjBzZW1haW5lJTIwc3VyJTIwciVDMyVBOXNlcnZhdGlvbi4lM0MlMkZwJTNFJTNDJTJGYXJ0aWNsZSUzRQ==[\/vc_raw_html][vc_video link=\u00a0\u00bbhttps:\/\/youtu.be\/X8-zsc-14xk\u00a0\u00bb][vc_raw_html][\/vc_raw_html][\/vc_column][vc_column width=\u00a0\u00bb1\/2&Prime;][vc_column_text el_class=\u00a0\u00bbvignette_2&Prime;]ACC\u00c8S : RER A station Chatou-Croissy &#8211; Sortie c\u00f4t\u00e9 Croissy rue de Lab\u00e9lonye, puis prendre \u00e0 gauche avenue Paul Doumer (+ 10 minutes \u00e0 pied) RN 186 Pont de Chatou RN 13 Pont de Bougival[\/vc_column_text][vc_single_image image=\u00a0\u00bb3179&Prime; img_size=\u00a0\u00bbfull\u00a0\u00bb alignment=\u00a0\u00bbcenter\u00a0\u00bb style=\u00a0\u00bbvc_box_shadow_border\u00a0\u00bb el_class=\u00a0\u00bbvignette_2&Prime;][vc_raw_html el_class=\u00a0\u00bbvignette_2&Prime;] JTNDYXJ0aWNsZSUzRSUzQ2gzJTNFQSUyMHZvaXIlMjBhdXglMjBhbGVudG91cnMlM0ElM0MlMkZoMyUzRSUwQSUzQ2g0JTNFJTNDYSUyMHRpdGxlJTNEJTIybGUlMjBzaXRlJTIwZGUlMjBsJTI3RXNwYWNlJTIwQ2hhbm9yaWVyJTIwZGUlMjBDcm9pc3N5JTIwc3VyJTIwU2VpbmUlMjIlMjBocmVmJTNEJTIyaHR0cCUzQSUyRiUyRnd3dy5lc3BhY2VjaGFub3JpZXIuZnIlMjIlM0VFc3BhY2UlMjBDaGFub3JpZXIlM0MlMkZhJTNFJTNDJTJGaDQlM0UlMEElMEElM0NoNCUzRSUzQ2ElMjB0aXRsZSUzRCUyMmxlJTIwc2l0ZSUyMGRlJTIwbCUyN2VzcGFjZSUyMGNoYW5vcmllciUyMGRlJTIwY3JvaXNzeSUyMHN1ciUyMHNlaW5lJTIyJTIwaHJlZiUzRCUyMmh0dHAlM0ElMkYlMkZ3d3cucGF5cy1kZXMtaW1wcmVzc2lvbm5pc3Rlcy5mciUyMiUzRVBheXMlMjBkZXMlMjBJbXByZXNzaW9ubmlzdGVzJTNDJTJGYSUzRSUzQyUyRmg0JTNFJTNDJTJGYXJ0aWNsZSUzRQ== [\/vc_raw_html][vc_gmaps link=\u00a0\u00bb#E-8_JTNDaWZyYW1lJTIwc3JjJTNEJTIyaHR0cHMlM0ElMkYlMkZ3d3cuZ29vZ2xlLmNvbSUyRm1hcHMlMkZlbWJlZCUzRnBiJTNEJTIxMW0xOCUyMTFtMTIlMjExbTMlMjExZDI2MjMuOTczOTI2MTU0MDQzJTIxMmQyLjE1MjQzNjU5OTk5OTk5NDQlMjEzZDQ4Ljg3Nzc3MzYlMjEybTMlMjExZjAlMjEyZjAlMjEzZjAlMjEzbTIlMjExaTEwMjQlMjEyaTc2OCUyMTRmMTMuMSUyMTNtMyUyMTFtMiUyMTFzMHg0N2U2NjMyM2FjOTk5NzY3JTI1M0EweDQ5MTRhMDAwYjIyNTM0MzIlMjEyczEyJTJCR3JhbmRlJTJCUnVlJTIxNWUwJTIxM20yJTIxMXNmciUyMTJzZnIlMjE0djE0MDE2NDk0MTIzODYlMjIlMjB3aWR0aCUzRCUyMjEwMCUyNSUyMiUyMGhlaWdodCUzRCUyMjMwMHB4JTIyJTIwZnJhbWVib3JkZXIlM0QlMjIwJTIyJTIwc3R5bGUlM0QlMjJib3JkZXIlM0EwJTIyJTNFJTNDJTJGaWZyYW1lJTNF\u00a0\u00bb el_class=\u00a0\u00bbvignette_2&Prime;][\/vc_column][\/vc_row][vc_row][vc_column width=\u00a0\u00bb1\/2&Prime;][vc_column_text] [\/vc_column_text][\/vc_column][vc_column width=\u00a0\u00bb1\/2&Prime;][vc_column_text] [\/vc_column_text][\/vc_column][\/vc_row]","og_url":"https:\/\/www.grenouillere-museum.com\/grenouillere\/visites-2\/pratique\/","og_site_name":"Mus\u00e9e de la Grenouill\u00e8re Croissy sur Seine","article_publisher":"https:\/\/www.facebook.com\/grenouillere.museum\/","article_modified_time":"2019-12-03T10:56:30+00:00","twitter_card":"summary_large_image","twitter_misc":{"Dur\u00e9e de lecture estim\u00e9e":"2 minutes"},"schema":{"@context":"https:\/\/schema.org","@graph":[{"@type":"WebPage","@id":"https:\/\/www.grenouillere-museum.com\/grenouillere\/visites-2\/pratique\/","url":"https:\/\/www.grenouillere-museum.com\/grenouillere\/visites-2\/pratique\/","name":"Pratique - Mus\u00e9e de la Grenouill\u00e8re Croissy sur Seine","isPartOf":{"@id":"https:\/\/www.grenouillere-museum.com\/grenouillere\/#website"},"datePublished":"2014-05-27T11:11:17+00:00","dateModified":"2019-12-03T10:56:30+00:00","breadcrumb":{"@id":"https:\/\/www.grenouillere-museum.com\/grenouillere\/visites-2\/pratique\/#breadcrumb"},"inLanguage":"fr-FR","potentialAction":[{"@type":"ReadAction","target":["https:\/\/www.grenouillere-museum.com\/grenouillere\/visites-2\/pratique\/"]}]},{"@type":"BreadcrumbList","@id":"https:\/\/www.grenouillere-museum.com\/grenouillere\/visites-2\/pratique\/#breadcrumb","itemListElement":[{"@type":"ListItem","position":1,"name":"Accueil","item":"https:\/\/www.grenouillere-museum.com\/grenouillere\/"},{"@type":"ListItem","position":2,"name":"visites","item":"https:\/\/www.grenouillere-museum.com\/grenouillere\/visites-2\/"},{"@type":"ListItem","position":3,"name":"Pratique"}]},{"@type":"WebSite","@id":"https:\/\/www.grenouillere-museum.com\/grenouillere\/#website","url":"https:\/\/www.grenouillere-museum.com\/grenouillere\/","name":"Mus\u00e9e de la Grenouill\u00e8re","description":"Laissez-vous emmener sur le lieu de naissance de l\u2019Impressionnisme","potentialAction":[{"@type":"SearchAction","target":{"@type":"EntryPoint","urlTemplate":"https:\/\/www.grenouillere-museum.com\/grenouillere\/?s={search_term_string}"},"query-input":{"@type":"PropertyValueSpecification","valueRequired":true,"valueName":"search_term_string"}}],"inLanguage":"fr-FR"}]}},"_links":{"self":[{"href":"https:\/\/www.grenouillere-museum.com\/grenouillere\/wp-json\/wp\/v2\/pages\/987"}],"collection":[{"href":"https:\/\/www.grenouillere-museum.com\/grenouillere\/wp-json\/wp\/v2\/pages"}],"about":[{"href":"https:\/\/www.grenouillere-museum.com\/grenouillere\/wp-json\/wp\/v2\/types\/page"}],"author":[{"embeddable":true,"href":"https:\/\/www.grenouillere-museum.com\/grenouillere\/wp-json\/wp\/v2\/users\/2"}],"replies":[{"embeddable":true,"href":"https:\/\/www.grenouillere-museum.com\/grenouillere\/wp-json\/wp\/v2\/comments?post=987"}],"version-history":[{"count":211,"href":"https:\/\/www.grenouillere-museum.com\/grenouillere\/wp-json\/wp\/v2\/pages\/987\/revisions"}],"predecessor-version":[{"id":7024,"href":"https:\/\/www.grenouillere-museum.com\/grenouillere\/wp-json\/wp\/v2\/pages\/987\/revisions\/7024"}],"up":[{"embeddable":true,"href":"https:\/\/www.grenouillere-museum.com\/grenouillere\/wp-json\/wp\/v2\/pages\/477"}],"wp:attachment":[{"href":"https:\/\/www.grenouillere-museum.com\/grenouillere\/wp-json\/wp\/v2\/media?parent=987"}],"curies":[{"name":"wp","href":"https:\/\/api.w.org\/{rel}","templated":true}]}}