{"id":983,"date":"2014-05-27T18:45:14","date_gmt":"2014-05-27T11:10:02","guid":{"rendered":"http:\/\/www.grenouillere-museum.com\/grenouillere\/?page_id=983"},"modified":"2020-05-09T14:36:59","modified_gmt":"2020-05-09T13:36:59","slug":"la-grenouillere-son-site-et-son-histoire","status":"publish","type":"page","link":"https:\/\/www.grenouillere-museum.com\/grenouillere\/collections-2\/la-grenouillere-son-site-et-son-histoire\/","title":{"rendered":"Site de la Grenouill\u00e8re"},"content":{"rendered":"<section class=\"wpb-content-wrapper\"><p>[vc_row][vc_column width=\u00a0\u00bb1\/2&Prime;][vc_raw_html]<\/p>\n<p>JTNDaDIlM0VFbiUyMHF1ZWxxdWVzJTIwZGF0ZXMlQzIlQTAlM0ElM0MlMkZoMiUzRSUwQSUzQ3AlM0UlMEElMjAlMjAlM0N0aW1lJTIwZGF0ZXRpbWUlM0QlMjIxODM3JTIyJTNFJTNDZW0lM0UxODM3JTNDJTJGZW0lM0UlM0MlMkZ0aW1lJTNFJTBBJTNDJTJGcCUzRSUwQSUzQ3AlM0VDb25zdHJ1Y3Rpb24lMjBkZSUyMGxhJTIwbGlnbmUlMjBkZSUyMGNoZW1pbiUyMGRlJTIwZmVyJTIwUGFyaXMlMjBTYWludC1MYXphcmUlMjAlRTIlODAlOTMlMjBTYWludC1HZXJtYWluLWVuLUxheWUuJTNDJTJGcCUzRSUwQSUzQ3AlM0UlMEElMjAlMjAlM0N0aW1lJTIwZGF0ZXRpbWUlM0QlMjIxODUyJTIyJTNFJTNDZW0lM0UxODUyJTNDJTJGZW0lM0UlM0MlMkZ0aW1lJTNFJTBBJTNDJTJGcCUzRSUwQSUzQ3AlM0UlMjBGcmFuJUMzJUE3b2lzJTIwU2V1cmluJTJDJTIwY2FiYXJldGllciUyQyUyMG9idGllbnQlMjBsYSUyMGNvbmNlc3Npb24lMjBkZSUyMHBhc3NldXIlMjBlbnRyZSUyMENyb2lzc3klMkMlMjBsJTI3JUMzJUFFbGUlMjBldCUyMENyb2lzc3kuJTIwJTNDJTJGcCUzRSUwQSUzQ3AlM0UlMEElMjAlMjAlM0N0aW1lJTIwZGF0ZXRpbWUlM0QlMjIxODU4JTIyJTNFJTNDZW0lM0UxODU4JTNDJTJGZW0lM0UlM0MlMkZ0aW1lJTNFJTBBJTNDJTJGcCUzRSUwQSUzQ3AlM0VFdGFibGlzc2VtZW50JTIwZGVzJTIwZGV1eCUyMGJhcmdlcyUyMGZsb3R0YW50ZXMlMjBhdmVjJTIwbGUlMjBjYWYlQzMlQTktYmFsJTIwZXQlMjBsZXMlMjBjYWJpbmVzJTIwZGUlMjBiYWluLiUzQyUyRnAlM0UlMEElMEElM0NwJTNFJTBBJTIwJTIwJTNDdGltZSUyMGRhdGV0aW1lJTNEJTIyMTg2OSUyMiUzRSUzQ2VtJTNFMTg2OSUzQyUyRmVtJTNFJTNDJTJGdGltZSUzRSUwQSUzQyUyRnAlM0UlMEElM0NwJTNFTW9uZXQlMjBldCUyMFJlbm9pciUyMHBlaWduZW50JTIwYyVDMyVCNHRlJTIwJUMzJUEwJTIwYyVDMyVCNHRlJTIwJUMzJUEwJTIwbGElMjBHcmVub3VpbGwlQzMlQThyZSUyQyUyMGxhaXNzYW50JTIwNSUyMHRvaWxlcyUyMGMlQzMlQTlsJUMzJUE4YnJlcy4lMEElMjAlMjBOYXBvbCVDMyVBOW9uJTIwSUlJJTIwZXQlMjBFdWclQzMlQTluaWUlMjB2aXNpdGVudCUyMGxhJTIwR3Jlbm91aWxsJUMzJUE4cmUuJTIwJTNDJTJGcCUzRSUwQSUzQ3AlM0UlMEElMjAlMjAlM0N0aW1lJTIwZGF0ZXRpbWUlM0QlMjIxODg5JTIyJTNFJTNDZW0lM0UxODg5JTNDJTJGZW0lM0UlM0MlMkZ0aW1lJTNFJTBBJTNDJTJGcCUzRSUwQSUzQ3AlM0UlMjBVbiUyMGluY2VuZGllJTIwZCVDMyVBOXRydWl0JTIwbGVzJTIwZGV1eCUyMGJhcmdlcy4lMjBMYSUyMEdyZW5vdWlsbCVDMyVBOHJlJTIwcyUyNyVDMyVBOXRhYmxpdCUyMHN1ciUyMGxhJTIwYmVyZ2UuJTIwJTNDJTJGcCUzRSUwQSUzQ3AlM0UlMEElMjAlMjAlM0N0aW1lJTIwZGF0ZXRpbWUlM0QlMjIxOTI4JTIyJTNFJTNDZW0lM0UxOTI4JTNDJTJGZW0lM0UlM0MlMkZ0aW1lJTNFJTBBJTNDJTJGcCUzRSUwQSUzQ3AlM0UlMjBNaWNoZWwlMjBTYWludC1MJUMzJUE5Z2VyJTJDJTIwbGUlMjBwcm9wcmklQzMlQTl0YWlyZSUyMGRlJTIwbGElMjBHcmVub3VpbGwlQzMlQThyZSUyQyUyMHBlcmQlMjBzb24lMjBwcm9jJUMzJUE4cyUyMGV0JTIwZXN0JTIwZXhwcm9wcmklQzMlQTkuJTBBJTIwJTIwTGElMjBHcmVub3VpbGwlQzMlQThyZSUyMGVzdCUyMGVuc2V2ZWxpZSUyMHN1aXRlJTIwJUMzJUEwJTIwbCUyNyVDMyVBOWxhcmdpc3NlbWVudCUyMGR1JTIwYnJhcyUyMGRyb2l0JTIwZGUlMjBsYSUyMFNlaW5lLiUyMCUzQyUyRnAlM0UlMEE=<\/p>\n<p>[\/vc_raw_html][\/vc_column][vc_column width=\u00a0\u00bb1\/2&Prime;][vc_single_image image=\u00a0\u00bb3953&Prime; img_size=\u00a0\u00bbfull\u00a0\u00bb alignment=\u00a0\u00bbcenter\u00a0\u00bb style=\u00a0\u00bbvc_box_shadow_border\u00a0\u00bb el_class=\u00a0\u00bbvignette_2&Prime;][vc_single_image image=\u00a0\u00bb4749&Prime; img_size=\u00a0\u00bbfull\u00a0\u00bb alignment=\u00a0\u00bbcenter\u00a0\u00bb style=\u00a0\u00bbvc_box_shadow_border\u00a0\u00bb el_class=\u00a0\u00bbvignette_2&Prime;][vc_raw_html]<\/p>\n<p>JTNDaDQlM0VFeHRyYWl0JTIwZHUlMjBmaWxtJTIwcHJvamV0JUMzJUE5JTIwYXUlMjBNdXMlQzMlQTllJTNBJTNDJTJGaDQlM0UlM0NxJTNFQ29uY2VwdGlvbiUyMGFuaW1hdGlvbiUyMEIlQzMlQTluJUMzJUE5ZGljdGUlMjBUaG91dmVuaW4lM0MlMkZxJTNFJTBB<\/p>\n<p>[\/vc_raw_html][vc_video link=\u00a0\u00bbhttps:\/\/youtu.be\/DCJH7SAbr48&Prime; el_class=\u00a0\u00bbvignette_2&Prime;][\/vc_column][\/vc_row][vc_row][vc_column][vc_raw_html]JTNDaDElM0VMZSUyMHNpdGUlMjBhY3R1ZWwlM0MlMkZoMSUzRSUwQSUwQSUzQ3AlM0VMYSUyMEdyZW5vdWlsbCVDMyVBOHJlJTIwc2UlMjB0cm91dmFpdCUyMHN1ciUyMGxhJTIwZGlndWUlMjByZWxpYW50JTIwbCVFMiU4MCU5OSVDMyVBRWxlJTIwZGUlMjBDcm9pc3N5JTIwJUMzJUEwJTIwbCVFMiU4MCU5OSVDMyVBRWxlJTIwZHUlMjBDaGlhcmQlMjBkZSUyMENoYXRvdS4lMjBBY3R1ZWxsZW1lbnQlMkMlMjBsZSUyMHNpdGUlMjBzZSUyMHNpdHVlJTIwc3VyJTBBbCVFMiU4MCU5OWlsZSUyMGVuJTIwZmFjZSUyMGR1JTIwQ2glQzMlQTJ0ZWF1JTIwQ2hhbm9yaWVyJTJDJTIwYyVDMyVCNHQlQzMlQTklMjBDcm9pc3N5JTIwb3UlMjBkdSUyMHN0YWRlJTIwRXNzbyUyQyUyMGMlQzMlQjR0JUMzJUE5JTIwUnVlaWwuJTBBJTBBJTNDJTJGcCUzRSUwQSUwQSUzQ3AlM0VTdWl0ZSUyMCVDMyVBMCUyMGxhJTIwZGVzdHJ1Y3Rpb24lMjBkZSUyMGxhJTIwR3Jlbm91aWxsJUMzJUE4cmUlMjBlbiUyMDE5MjglMkMlMjBsJTI3QXNzb2NpYXRpb24lMjBkZXMlMjBBbWlzJTIwZGUlMjBsYSUyMEdyZW5vdWlsbCVDMyVBOHJlJTIwYSUyMHJlY29uc3RpdHUlQzMlQTklMjBsJTI3ZW5kcm9pdCUyMGluaXRpYWwlMjBkdSUyMENhbWVtYmVydCUyMCUyOCVDMyVBRWxvdCUyMGVtYmwlQzMlQTltYXRpcXVlJTIwZGUlMjBsYSUyMGd1aW5ndWV0dGUlMjklMjBlbiUyMDE5OTkuJTIwT24lMjB5JTIwYWNjJUMzJUE4ZGUlMjAlQzMlQTAlMjBwYXJ0aXIlMjBkdSUyMHBvbnQlMjBkZSUyMEJvdWdpdmFsJTIwb3UlMjBkdSUyMHBhcmMlMjBkZXMlMjBJbXByZXNzaW9ubmlzdGVzJTIwJUMzJUEwJTIwQ2hhdG91LiUzQyUyRnAlM0U=[\/vc_raw_html][\/vc_column][\/vc_row]<\/p>\n<\/section>","protected":false},"excerpt":{"rendered":"<p>[vc_row][vc_column width=\u00a0\u00bb1\/2&Prime;][vc_raw_html] JTNDaDIlM0VFbiUyMHF1ZWxxdWVzJTIwZGF0ZXMlQzIlQTAlM0ElM0MlMkZoMiUzRSUwQSUzQ3AlM0UlMEElMjAlMjAlM0N0aW1lJTIwZGF0ZXRpbWUlM0QlMjIxODM3JTIyJTNFJTNDZW0lM0UxODM3JTNDJTJGZW0lM0UlM0MlMkZ0aW1lJTNFJTBBJTNDJTJGcCUzRSUwQSUzQ3AlM0VDb25zdHJ1Y3Rpb24lMjBkZSUyMGxhJTIwbGlnbmUlMjBkZSUyMGNoZW1pbiUyMGRlJTIwZmVyJTIwUGFyaXMlMjBTYWludC1MYXphcmUlMjAlRTIlODAlOTMlMjBTYWludC1HZXJtYWluLWVuLUxheWUuJTNDJTJGcCUzRSUwQSUzQ3AlM0UlMEElMjAlMjAlM0N0aW1lJTIwZGF0ZXRpbWUlM0QlMjIxODUyJTIyJTNFJTNDZW0lM0UxODUyJTNDJTJGZW0lM0UlM0MlMkZ0aW1lJTNFJTBBJTNDJTJGcCUzRSUwQSUzQ3AlM0UlMjBGcmFuJUMzJUE3b2lzJTIwU2V1cmluJTJDJTIwY2FiYXJldGllciUyQyUyMG9idGllbnQlMjBsYSUyMGNvbmNlc3Npb24lMjBkZSUyMHBhc3NldXIlMjBlbnRyZSUyMENyb2lzc3klMkMlMjBsJTI3JUMzJUFFbGUlMjBldCUyMENyb2lzc3kuJTIwJTNDJTJGcCUzRSUwQSUzQ3AlM0UlMEElMjAlMjAlM0N0aW1lJTIwZGF0ZXRpbWUlM0QlMjIxODU4JTIyJTNFJTNDZW0lM0UxODU4JTNDJTJGZW0lM0UlM0MlMkZ0aW1lJTNFJTBBJTNDJTJGcCUzRSUwQSUzQ3AlM0VFdGFibGlzc2VtZW50JTIwZGVzJTIwZGV1eCUyMGJhcmdlcyUyMGZsb3R0YW50ZXMlMjBhdmVjJTIwbGUlMjBjYWYlQzMlQTktYmFsJTIwZXQlMjBsZXMlMjBjYWJpbmVzJTIwZGUlMjBiYWluLiUzQyUyRnAlM0UlMEElMEElM0NwJTNFJTBBJTIwJTIwJTNDdGltZSUyMGRhdGV0aW1lJTNEJTIyMTg2OSUyMiUzRSUzQ2VtJTNFMTg2OSUzQyUyRmVtJTNFJTNDJTJGdGltZSUzRSUwQSUzQyUyRnAlM0UlMEElM0NwJTNFTW9uZXQlMjBldCUyMFJlbm9pciUyMHBlaWduZW50JTIwYyVDMyVCNHRlJTIwJUMzJUEwJTIwYyVDMyVCNHRlJTIwJUMzJUEwJTIwbGElMjBHcmVub3VpbGwlQzMlQThyZSUyQyUyMGxhaXNzYW50JTIwNSUyMHRvaWxlcyUyMGMlQzMlQTlsJUMzJUE4YnJlcy4lMEElMjAlMjBOYXBvbCVDMyVBOW9uJTIwSUlJJTIwZXQlMjBFdWclQzMlQTluaWUlMjB2aXNpdGVudCUyMGxhJTIwR3Jlbm91aWxsJUMzJUE4cmUuJTIwJTNDJTJGcCUzRSUwQSUzQ3AlM0UlMEElMjAlMjAlM0N0aW1lJTIwZGF0ZXRpbWUlM0QlMjIxODg5JTIyJTNFJTNDZW0lM0UxODg5JTNDJTJGZW0lM0UlM0MlMkZ0aW1lJTNFJTBBJTNDJTJGcCUzRSUwQSUzQ3AlM0UlMjBVbiUyMGluY2VuZGllJTIwZCVDMyVBOXRydWl0JTIwbGVzJTIwZGV1eCUyMGJhcmdlcy4lMjBMYSUyMEdyZW5vdWlsbCVDMyVBOHJlJTIwcyUyNyVDMyVBOXRhYmxpdCUyMHN1ciUyMGxhJTIwYmVyZ2UuJTIwJTNDJTJGcCUzRSUwQSUzQ3AlM0UlMEElMjAlMjAlM0N0aW1lJTIwZGF0ZXRpbWUlM0QlMjIxOTI4JTIyJTNFJTNDZW0lM0UxOTI4JTNDJTJGZW0lM0UlM0MlMkZ0aW1lJTNFJTBBJTNDJTJGcCUzRSUwQSUzQ3AlM0UlMjBNaWNoZWwlMjBTYWludC1MJUMzJUE5Z2VyJTJDJTIwbGUlMjBwcm9wcmklQzMlQTl0YWlyZSUyMGRlJTIwbGElMjBHcmVub3VpbGwlQzMlQThyZSUyQyUyMHBlcmQlMjBzb24lMjBwcm9jJUMzJUE4cyUyMGV0JTIwZXN0JTIwZXhwcm9wcmklQzMlQTkuJTBBJTIwJTIwTGElMjBHcmVub3VpbGwlQzMlQThyZSUyMGVzdCUyMGVuc2V2ZWxpZSUyMHN1aXRlJTIwJUMzJUEwJTIwbCUyNyVDMyVBOWxhcmdpc3NlbWVudCUyMGR1JTIwYnJhcyUyMGRyb2l0JTIwZGUlMjBsYSUyMFNlaW5lLiUyMCUzQyUyRnAlM0UlMEE= [\/vc_raw_html][\/vc_column][vc_column width=\u00a0\u00bb1\/2&Prime;][vc_single_image image=\u00a0\u00bb3953&Prime; img_size=\u00a0\u00bbfull\u00a0\u00bb alignment=\u00a0\u00bbcenter\u00a0\u00bb style=\u00a0\u00bbvc_box_shadow_border\u00a0\u00bb el_class=\u00a0\u00bbvignette_2&Prime;][vc_single_image image=\u00a0\u00bb4749&Prime; img_size=\u00a0\u00bbfull\u00a0\u00bb alignment=\u00a0\u00bbcenter\u00a0\u00bb style=\u00a0\u00bbvc_box_shadow_border\u00a0\u00bb el_class=\u00a0\u00bbvignette_2&Prime;][vc_raw_html] JTNDaDQlM0VFeHRyYWl0JTIwZHUlMjBmaWxtJTIwcHJvamV0JUMzJUE5JTIwYXUlMjBNdXMlQzMlQTllJTNBJTNDJTJGaDQlM0UlM0NxJTNFQ29uY2VwdGlvbiUyMGFuaW1hdGlvbiUyMEIlQzMlQTluJUMzJUE5ZGljdGUlMjBUaG91dmVuaW4lM0MlMkZxJTNFJTBB [\/vc_raw_html][vc_video link=\u00a0\u00bbhttps:\/\/youtu.be\/DCJH7SAbr48&Prime; el_class=\u00a0\u00bbvignette_2&Prime;][\/vc_column][\/vc_row][vc_row][vc_column][vc_raw_html]JTNDaDElM0VMZSUyMHNpdGUlMjBhY3R1ZWwlM0MlMkZoMSUzRSUwQSUwQSUzQ3AlM0VMYSUyMEdyZW5vdWlsbCVDMyVBOHJlJTIwc2UlMjB0cm91dmFpdCUyMHN1ciUyMGxhJTIwZGlndWUlMjByZWxpYW50JTIwbCVFMiU4MCU5OSVDMyVBRWxlJTIwZGUlMjBDcm9pc3N5JTIwJUMzJUEwJTIwbCVFMiU4MCU5OSVDMyVBRWxlJTIwZHUlMjBDaGlhcmQlMjBkZSUyMENoYXRvdS4lMjBBY3R1ZWxsZW1lbnQlMkMlMjBsZSUyMHNpdGUlMjBzZSUyMHNpdHVlJTIwc3VyJTBBbCVFMiU4MCU5OWlsZSUyMGVuJTIwZmFjZSUyMGR1JTIwQ2glQzMlQTJ0ZWF1JTIwQ2hhbm9yaWVyJTJDJTIwYyVDMyVCNHQlQzMlQTklMjBDcm9pc3N5JTIwb3UlMjBkdSUyMHN0YWRlJTIwRXNzbyUyQyUyMGMlQzMlQjR0JUMzJUE5JTIwUnVlaWwuJTBBJTBBJTNDJTJGcCUzRSUwQSUwQSUzQ3AlM0VTdWl0ZSUyMCVDMyVBMCUyMGxhJTIwZGVzdHJ1Y3Rpb24lMjBkZSUyMGxhJTIwR3Jlbm91aWxsJUMzJUE4cmUlMjBlbiUyMDE5MjglMkMlMjBsJTI3QXNzb2NpYXRpb24lMjBkZXMlMjBBbWlzJTIwZGUlMjBsYSUyMEdyZW5vdWlsbCVDMyVBOHJlJTIwYSUyMHJlY29uc3RpdHUlQzMlQTklMjBsJTI3ZW5kcm9pdCUyMGluaXRpYWwlMjBkdSUyMENhbWVtYmVydCUyMCUyOCVDMyVBRWxvdCUyMGVtYmwlQzMlQTltYXRpcXVlJTIwZGUlMjBsYSUyMGd1aW5ndWV0dGUlMjklMjBlbiUyMDE5OTkuJTIwT24lMjB5JTIwYWNjJUMzJUE4ZGUlMjAlQzMlQTAlMjBwYXJ0aXIlMjBkdSUyMHBvbnQlMjBkZSUyMEJvdWdpdmFsJTIwb3UlMjBkdSUyMHBhcmMlMjBkZXMlMjBJbXByZXNzaW9ubmlzdGVzJTIwJUMzJUEwJTIwQ2hhdG91LiUzQyUyRnAlM0U=[\/vc_raw_html][\/vc_column][\/vc_row]<\/p>\n","protected":false},"author":2,"featured_media":0,"parent":474,"menu_order":0,"comment_status":"closed","ping_status":"open","template":"","meta":{"_genesis_hide_title":false,"_genesis_hide_breadcrumbs":false,"_genesis_hide_singular_image":false,"_genesis_hide_footer_widgets":false,"_genesis_custom_body_class":"","_genesis_custom_post_class":"","_genesis_layout":"","footnotes":""},"yoast_head":"<!-- This site is optimized with the Yoast SEO plugin v23.5 - https:\/\/yoast.com\/wordpress\/plugins\/seo\/ -->\n<title>Site de la Grenouill\u00e8re - Mus\u00e9e de la Grenouill\u00e8re Croissy sur Seine<\/title>\n<meta name=\"robots\" content=\"index, follow, max-snippet:-1, max-image-preview:large, max-video-preview:-1\" \/>\n<link rel=\"canonical\" href=\"https:\/\/www.grenouillere-museum.com\/grenouillere\/collections-2\/la-grenouillere-son-site-et-son-histoire\/\" \/>\n<meta property=\"og:locale\" content=\"fr_FR\" \/>\n<meta property=\"og:type\" content=\"article\" \/>\n<meta property=\"og:title\" content=\"Site de la Grenouill\u00e8re - Mus\u00e9e de la Grenouill\u00e8re Croissy sur Seine\" \/>\n<meta property=\"og:description\" content=\"[vc_row][vc_column width=\u00a0\u00bb1\/2&Prime;][vc_raw_html] JTNDaDIlM0VFbiUyMHF1ZWxxdWVzJTIwZGF0ZXMlQzIlQTAlM0ElM0MlMkZoMiUzRSUwQSUzQ3AlM0UlMEElMjAlMjAlM0N0aW1lJTIwZGF0ZXRpbWUlM0QlMjIxODM3JTIyJTNFJTNDZW0lM0UxODM3JTNDJTJGZW0lM0UlM0MlMkZ0aW1lJTNFJTBBJTNDJTJGcCUzRSUwQSUzQ3AlM0VDb25zdHJ1Y3Rpb24lMjBkZSUyMGxhJTIwbGlnbmUlMjBkZSUyMGNoZW1pbiUyMGRlJTIwZmVyJTIwUGFyaXMlMjBTYWludC1MYXphcmUlMjAlRTIlODAlOTMlMjBTYWludC1HZXJtYWluLWVuLUxheWUuJTNDJTJGcCUzRSUwQSUzQ3AlM0UlMEElMjAlMjAlM0N0aW1lJTIwZGF0ZXRpbWUlM0QlMjIxODUyJTIyJTNFJTNDZW0lM0UxODUyJTNDJTJGZW0lM0UlM0MlMkZ0aW1lJTNFJTBBJTNDJTJGcCUzRSUwQSUzQ3AlM0UlMjBGcmFuJUMzJUE3b2lzJTIwU2V1cmluJTJDJTIwY2FiYXJldGllciUyQyUyMG9idGllbnQlMjBsYSUyMGNvbmNlc3Npb24lMjBkZSUyMHBhc3NldXIlMjBlbnRyZSUyMENyb2lzc3klMkMlMjBsJTI3JUMzJUFFbGUlMjBldCUyMENyb2lzc3kuJTIwJTNDJTJGcCUzRSUwQSUzQ3AlM0UlMEElMjAlMjAlM0N0aW1lJTIwZGF0ZXRpbWUlM0QlMjIxODU4JTIyJTNFJTNDZW0lM0UxODU4JTNDJTJGZW0lM0UlM0MlMkZ0aW1lJTNFJTBBJTNDJTJGcCUzRSUwQSUzQ3AlM0VFdGFibGlzc2VtZW50JTIwZGVzJTIwZGV1eCUyMGJhcmdlcyUyMGZsb3R0YW50ZXMlMjBhdmVjJTIwbGUlMjBjYWYlQzMlQTktYmFsJTIwZXQlMjBsZXMlMjBjYWJpbmVzJTIwZGUlMjBiYWluLiUzQyUyRnAlM0UlMEElMEElM0NwJTNFJTBBJTIwJTIwJTNDdGltZSUyMGRhdGV0aW1lJTNEJTIyMTg2OSUyMiUzRSUzQ2VtJTNFMTg2OSUzQyUyRmVtJTNFJTNDJTJGdGltZSUzRSUwQSUzQyUyRnAlM0UlMEElM0NwJTNFTW9uZXQlMjBldCUyMFJlbm9pciUyMHBlaWduZW50JTIwYyVDMyVCNHRlJTIwJUMzJUEwJTIwYyVDMyVCNHRlJTIwJUMzJUEwJTIwbGElMjBHcmVub3VpbGwlQzMlQThyZSUyQyUyMGxhaXNzYW50JTIwNSUyMHRvaWxlcyUyMGMlQzMlQTlsJUMzJUE4YnJlcy4lMEElMjAlMjBOYXBvbCVDMyVBOW9uJTIwSUlJJTIwZXQlMjBFdWclQzMlQTluaWUlMjB2aXNpdGVudCUyMGxhJTIwR3Jlbm91aWxsJUMzJUE4cmUuJTIwJTNDJTJGcCUzRSUwQSUzQ3AlM0UlMEElMjAlMjAlM0N0aW1lJTIwZGF0ZXRpbWUlM0QlMjIxODg5JTIyJTNFJTNDZW0lM0UxODg5JTNDJTJGZW0lM0UlM0MlMkZ0aW1lJTNFJTBBJTNDJTJGcCUzRSUwQSUzQ3AlM0UlMjBVbiUyMGluY2VuZGllJTIwZCVDMyVBOXRydWl0JTIwbGVzJTIwZGV1eCUyMGJhcmdlcy4lMjBMYSUyMEdyZW5vdWlsbCVDMyVBOHJlJTIwcyUyNyVDMyVBOXRhYmxpdCUyMHN1ciUyMGxhJTIwYmVyZ2UuJTIwJTNDJTJGcCUzRSUwQSUzQ3AlM0UlMEElMjAlMjAlM0N0aW1lJTIwZGF0ZXRpbWUlM0QlMjIxOTI4JTIyJTNFJTNDZW0lM0UxOTI4JTNDJTJGZW0lM0UlM0MlMkZ0aW1lJTNFJTBBJTNDJTJGcCUzRSUwQSUzQ3AlM0UlMjBNaWNoZWwlMjBTYWludC1MJUMzJUE5Z2VyJTJDJTIwbGUlMjBwcm9wcmklQzMlQTl0YWlyZSUyMGRlJTIwbGElMjBHcmVub3VpbGwlQzMlQThyZSUyQyUyMHBlcmQlMjBzb24lMjBwcm9jJUMzJUE4cyUyMGV0JTIwZXN0JTIwZXhwcm9wcmklQzMlQTkuJTBBJTIwJTIwTGElMjBHcmVub3VpbGwlQzMlQThyZSUyMGVzdCUyMGVuc2V2ZWxpZSUyMHN1aXRlJTIwJUMzJUEwJTIwbCUyNyVDMyVBOWxhcmdpc3NlbWVudCUyMGR1JTIwYnJhcyUyMGRyb2l0JTIwZGUlMjBsYSUyMFNlaW5lLiUyMCUzQyUyRnAlM0UlMEE= [\/vc_raw_html][\/vc_column][vc_column width=\u00a0\u00bb1\/2&Prime;][vc_single_image image=\u00a0\u00bb3953&Prime; img_size=\u00a0\u00bbfull\u00a0\u00bb alignment=\u00a0\u00bbcenter\u00a0\u00bb style=\u00a0\u00bbvc_box_shadow_border\u00a0\u00bb el_class=\u00a0\u00bbvignette_2&Prime;][vc_single_image image=\u00a0\u00bb4749&Prime; img_size=\u00a0\u00bbfull\u00a0\u00bb alignment=\u00a0\u00bbcenter\u00a0\u00bb style=\u00a0\u00bbvc_box_shadow_border\u00a0\u00bb el_class=\u00a0\u00bbvignette_2&Prime;][vc_raw_html] JTNDaDQlM0VFeHRyYWl0JTIwZHUlMjBmaWxtJTIwcHJvamV0JUMzJUE5JTIwYXUlMjBNdXMlQzMlQTllJTNBJTNDJTJGaDQlM0UlM0NxJTNFQ29uY2VwdGlvbiUyMGFuaW1hdGlvbiUyMEIlQzMlQTluJUMzJUE5ZGljdGUlMjBUaG91dmVuaW4lM0MlMkZxJTNFJTBB [\/vc_raw_html][vc_video link=\u00a0\u00bbhttps:\/\/youtu.be\/DCJH7SAbr48&Prime; el_class=\u00a0\u00bbvignette_2&Prime;][\/vc_column][\/vc_row][vc_row][vc_column][vc_raw_html]JTNDaDElM0VMZSUyMHNpdGUlMjBhY3R1ZWwlM0MlMkZoMSUzRSUwQSUwQSUzQ3AlM0VMYSUyMEdyZW5vdWlsbCVDMyVBOHJlJTIwc2UlMjB0cm91dmFpdCUyMHN1ciUyMGxhJTIwZGlndWUlMjByZWxpYW50JTIwbCVFMiU4MCU5OSVDMyVBRWxlJTIwZGUlMjBDcm9pc3N5JTIwJUMzJUEwJTIwbCVFMiU4MCU5OSVDMyVBRWxlJTIwZHUlMjBDaGlhcmQlMjBkZSUyMENoYXRvdS4lMjBBY3R1ZWxsZW1lbnQlMkMlMjBsZSUyMHNpdGUlMjBzZSUyMHNpdHVlJTIwc3VyJTBBbCVFMiU4MCU5OWlsZSUyMGVuJTIwZmFjZSUyMGR1JTIwQ2glQzMlQTJ0ZWF1JTIwQ2hhbm9yaWVyJTJDJTIwYyVDMyVCNHQlQzMlQTklMjBDcm9pc3N5JTIwb3UlMjBkdSUyMHN0YWRlJTIwRXNzbyUyQyUyMGMlQzMlQjR0JUMzJUE5JTIwUnVlaWwuJTBBJTBBJTNDJTJGcCUzRSUwQSUwQSUzQ3AlM0VTdWl0ZSUyMCVDMyVBMCUyMGxhJTIwZGVzdHJ1Y3Rpb24lMjBkZSUyMGxhJTIwR3Jlbm91aWxsJUMzJUE4cmUlMjBlbiUyMDE5MjglMkMlMjBsJTI3QXNzb2NpYXRpb24lMjBkZXMlMjBBbWlzJTIwZGUlMjBsYSUyMEdyZW5vdWlsbCVDMyVBOHJlJTIwYSUyMHJlY29uc3RpdHUlQzMlQTklMjBsJTI3ZW5kcm9pdCUyMGluaXRpYWwlMjBkdSUyMENhbWVtYmVydCUyMCUyOCVDMyVBRWxvdCUyMGVtYmwlQzMlQTltYXRpcXVlJTIwZGUlMjBsYSUyMGd1aW5ndWV0dGUlMjklMjBlbiUyMDE5OTkuJTIwT24lMjB5JTIwYWNjJUMzJUE4ZGUlMjAlQzMlQTAlMjBwYXJ0aXIlMjBkdSUyMHBvbnQlMjBkZSUyMEJvdWdpdmFsJTIwb3UlMjBkdSUyMHBhcmMlMjBkZXMlMjBJbXByZXNzaW9ubmlzdGVzJTIwJUMzJUEwJTIwQ2hhdG91LiUzQyUyRnAlM0U=[\/vc_raw_html][\/vc_column][\/vc_row]\" \/>\n<meta property=\"og:url\" content=\"https:\/\/www.grenouillere-museum.com\/grenouillere\/collections-2\/la-grenouillere-son-site-et-son-histoire\/\" \/>\n<meta property=\"og:site_name\" content=\"Mus\u00e9e de la Grenouill\u00e8re Croissy sur Seine\" \/>\n<meta property=\"article:publisher\" content=\"https:\/\/www.facebook.com\/grenouillere.museum\/\" \/>\n<meta property=\"article:modified_time\" content=\"2020-05-09T13:36:59+00:00\" \/>\n<meta name=\"twitter:card\" content=\"summary_large_image\" \/>\n<meta name=\"twitter:label1\" content=\"Dur\u00e9e de lecture estim\u00e9e\" \/>\n\t<meta name=\"twitter:data1\" content=\"2 minutes\" \/>\n<script type=\"application\/ld+json\" class=\"yoast-schema-graph\">{\"@context\":\"https:\/\/schema.org\",\"@graph\":[{\"@type\":\"WebPage\",\"@id\":\"https:\/\/www.grenouillere-museum.com\/grenouillere\/collections-2\/la-grenouillere-son-site-et-son-histoire\/\",\"url\":\"https:\/\/www.grenouillere-museum.com\/grenouillere\/collections-2\/la-grenouillere-son-site-et-son-histoire\/\",\"name\":\"Site de la Grenouill\u00e8re - Mus\u00e9e de la Grenouill\u00e8re Croissy sur Seine\",\"isPartOf\":{\"@id\":\"https:\/\/www.grenouillere-museum.com\/grenouillere\/#website\"},\"datePublished\":\"2014-05-27T11:10:02+00:00\",\"dateModified\":\"2020-05-09T13:36:59+00:00\",\"breadcrumb\":{\"@id\":\"https:\/\/www.grenouillere-museum.com\/grenouillere\/collections-2\/la-grenouillere-son-site-et-son-histoire\/#breadcrumb\"},\"inLanguage\":\"fr-FR\",\"potentialAction\":[{\"@type\":\"ReadAction\",\"target\":[\"https:\/\/www.grenouillere-museum.com\/grenouillere\/collections-2\/la-grenouillere-son-site-et-son-histoire\/\"]}]},{\"@type\":\"BreadcrumbList\",\"@id\":\"https:\/\/www.grenouillere-museum.com\/grenouillere\/collections-2\/la-grenouillere-son-site-et-son-histoire\/#breadcrumb\",\"itemListElement\":[{\"@type\":\"ListItem\",\"position\":1,\"name\":\"Accueil\",\"item\":\"https:\/\/www.grenouillere-museum.com\/grenouillere\/\"},{\"@type\":\"ListItem\",\"position\":2,\"name\":\"Collections\",\"item\":\"https:\/\/www.grenouillere-museum.com\/grenouillere\/collections-2\/\"},{\"@type\":\"ListItem\",\"position\":3,\"name\":\"Site de la Grenouill\u00e8re\"}]},{\"@type\":\"WebSite\",\"@id\":\"https:\/\/www.grenouillere-museum.com\/grenouillere\/#website\",\"url\":\"https:\/\/www.grenouillere-museum.com\/grenouillere\/\",\"name\":\"Mus\u00e9e de la Grenouill\u00e8re\",\"description\":\"Laissez-vous emmener sur le lieu de naissance de l\u2019Impressionnisme\",\"potentialAction\":[{\"@type\":\"SearchAction\",\"target\":{\"@type\":\"EntryPoint\",\"urlTemplate\":\"https:\/\/www.grenouillere-museum.com\/grenouillere\/?s={search_term_string}\"},\"query-input\":{\"@type\":\"PropertyValueSpecification\",\"valueRequired\":true,\"valueName\":\"search_term_string\"}}],\"inLanguage\":\"fr-FR\"}]}<\/script>\n<!-- \/ Yoast SEO plugin. -->","yoast_head_json":{"title":"Site de la Grenouill\u00e8re - Mus\u00e9e de la Grenouill\u00e8re Croissy sur Seine","robots":{"index":"index","follow":"follow","max-snippet":"max-snippet:-1","max-image-preview":"max-image-preview:large","max-video-preview":"max-video-preview:-1"},"canonical":"https:\/\/www.grenouillere-museum.com\/grenouillere\/collections-2\/la-grenouillere-son-site-et-son-histoire\/","og_locale":"fr_FR","og_type":"article","og_title":"Site de la Grenouill\u00e8re - Mus\u00e9e de la Grenouill\u00e8re Croissy sur Seine","og_description":"[vc_row][vc_column width=\u00a0\u00bb1\/2&Prime;][vc_raw_html] JTNDaDIlM0VFbiUyMHF1ZWxxdWVzJTIwZGF0ZXMlQzIlQTAlM0ElM0MlMkZoMiUzRSUwQSUzQ3AlM0UlMEElMjAlMjAlM0N0aW1lJTIwZGF0ZXRpbWUlM0QlMjIxODM3JTIyJTNFJTNDZW0lM0UxODM3JTNDJTJGZW0lM0UlM0MlMkZ0aW1lJTNFJTBBJTNDJTJGcCUzRSUwQSUzQ3AlM0VDb25zdHJ1Y3Rpb24lMjBkZSUyMGxhJTIwbGlnbmUlMjBkZSUyMGNoZW1pbiUyMGRlJTIwZmVyJTIwUGFyaXMlMjBTYWludC1MYXphcmUlMjAlRTIlODAlOTMlMjBTYWludC1HZXJtYWluLWVuLUxheWUuJTNDJTJGcCUzRSUwQSUzQ3AlM0UlMEElMjAlMjAlM0N0aW1lJTIwZGF0ZXRpbWUlM0QlMjIxODUyJTIyJTNFJTNDZW0lM0UxODUyJTNDJTJGZW0lM0UlM0MlMkZ0aW1lJTNFJTBBJTNDJTJGcCUzRSUwQSUzQ3AlM0UlMjBGcmFuJUMzJUE3b2lzJTIwU2V1cmluJTJDJTIwY2FiYXJldGllciUyQyUyMG9idGllbnQlMjBsYSUyMGNvbmNlc3Npb24lMjBkZSUyMHBhc3NldXIlMjBlbnRyZSUyMENyb2lzc3klMkMlMjBsJTI3JUMzJUFFbGUlMjBldCUyMENyb2lzc3kuJTIwJTNDJTJGcCUzRSUwQSUzQ3AlM0UlMEElMjAlMjAlM0N0aW1lJTIwZGF0ZXRpbWUlM0QlMjIxODU4JTIyJTNFJTNDZW0lM0UxODU4JTNDJTJGZW0lM0UlM0MlMkZ0aW1lJTNFJTBBJTNDJTJGcCUzRSUwQSUzQ3AlM0VFdGFibGlzc2VtZW50JTIwZGVzJTIwZGV1eCUyMGJhcmdlcyUyMGZsb3R0YW50ZXMlMjBhdmVjJTIwbGUlMjBjYWYlQzMlQTktYmFsJTIwZXQlMjBsZXMlMjBjYWJpbmVzJTIwZGUlMjBiYWluLiUzQyUyRnAlM0UlMEElMEElM0NwJTNFJTBBJTIwJTIwJTNDdGltZSUyMGRhdGV0aW1lJTNEJTIyMTg2OSUyMiUzRSUzQ2VtJTNFMTg2OSUzQyUyRmVtJTNFJTNDJTJGdGltZSUzRSUwQSUzQyUyRnAlM0UlMEElM0NwJTNFTW9uZXQlMjBldCUyMFJlbm9pciUyMHBlaWduZW50JTIwYyVDMyVCNHRlJTIwJUMzJUEwJTIwYyVDMyVCNHRlJTIwJUMzJUEwJTIwbGElMjBHcmVub3VpbGwlQzMlQThyZSUyQyUyMGxhaXNzYW50JTIwNSUyMHRvaWxlcyUyMGMlQzMlQTlsJUMzJUE4YnJlcy4lMEElMjAlMjBOYXBvbCVDMyVBOW9uJTIwSUlJJTIwZXQlMjBFdWclQzMlQTluaWUlMjB2aXNpdGVudCUyMGxhJTIwR3Jlbm91aWxsJUMzJUE4cmUuJTIwJTNDJTJGcCUzRSUwQSUzQ3AlM0UlMEElMjAlMjAlM0N0aW1lJTIwZGF0ZXRpbWUlM0QlMjIxODg5JTIyJTNFJTNDZW0lM0UxODg5JTNDJTJGZW0lM0UlM0MlMkZ0aW1lJTNFJTBBJTNDJTJGcCUzRSUwQSUzQ3AlM0UlMjBVbiUyMGluY2VuZGllJTIwZCVDMyVBOXRydWl0JTIwbGVzJTIwZGV1eCUyMGJhcmdlcy4lMjBMYSUyMEdyZW5vdWlsbCVDMyVBOHJlJTIwcyUyNyVDMyVBOXRhYmxpdCUyMHN1ciUyMGxhJTIwYmVyZ2UuJTIwJTNDJTJGcCUzRSUwQSUzQ3AlM0UlMEElMjAlMjAlM0N0aW1lJTIwZGF0ZXRpbWUlM0QlMjIxOTI4JTIyJTNFJTNDZW0lM0UxOTI4JTNDJTJGZW0lM0UlM0MlMkZ0aW1lJTNFJTBBJTNDJTJGcCUzRSUwQSUzQ3AlM0UlMjBNaWNoZWwlMjBTYWludC1MJUMzJUE5Z2VyJTJDJTIwbGUlMjBwcm9wcmklQzMlQTl0YWlyZSUyMGRlJTIwbGElMjBHcmVub3VpbGwlQzMlQThyZSUyQyUyMHBlcmQlMjBzb24lMjBwcm9jJUMzJUE4cyUyMGV0JTIwZXN0JTIwZXhwcm9wcmklQzMlQTkuJTBBJTIwJTIwTGElMjBHcmVub3VpbGwlQzMlQThyZSUyMGVzdCUyMGVuc2V2ZWxpZSUyMHN1aXRlJTIwJUMzJUEwJTIwbCUyNyVDMyVBOWxhcmdpc3NlbWVudCUyMGR1JTIwYnJhcyUyMGRyb2l0JTIwZGUlMjBsYSUyMFNlaW5lLiUyMCUzQyUyRnAlM0UlMEE= [\/vc_raw_html][\/vc_column][vc_column width=\u00a0\u00bb1\/2&Prime;][vc_single_image image=\u00a0\u00bb3953&Prime; img_size=\u00a0\u00bbfull\u00a0\u00bb alignment=\u00a0\u00bbcenter\u00a0\u00bb style=\u00a0\u00bbvc_box_shadow_border\u00a0\u00bb el_class=\u00a0\u00bbvignette_2&Prime;][vc_single_image image=\u00a0\u00bb4749&Prime; img_size=\u00a0\u00bbfull\u00a0\u00bb alignment=\u00a0\u00bbcenter\u00a0\u00bb style=\u00a0\u00bbvc_box_shadow_border\u00a0\u00bb el_class=\u00a0\u00bbvignette_2&Prime;][vc_raw_html] JTNDaDQlM0VFeHRyYWl0JTIwZHUlMjBmaWxtJTIwcHJvamV0JUMzJUE5JTIwYXUlMjBNdXMlQzMlQTllJTNBJTNDJTJGaDQlM0UlM0NxJTNFQ29uY2VwdGlvbiUyMGFuaW1hdGlvbiUyMEIlQzMlQTluJUMzJUE5ZGljdGUlMjBUaG91dmVuaW4lM0MlMkZxJTNFJTBB [\/vc_raw_html][vc_video link=\u00a0\u00bbhttps:\/\/youtu.be\/DCJH7SAbr48&Prime; el_class=\u00a0\u00bbvignette_2&Prime;][\/vc_column][\/vc_row][vc_row][vc_column][vc_raw_html]JTNDaDElM0VMZSUyMHNpdGUlMjBhY3R1ZWwlM0MlMkZoMSUzRSUwQSUwQSUzQ3AlM0VMYSUyMEdyZW5vdWlsbCVDMyVBOHJlJTIwc2UlMjB0cm91dmFpdCUyMHN1ciUyMGxhJTIwZGlndWUlMjByZWxpYW50JTIwbCVFMiU4MCU5OSVDMyVBRWxlJTIwZGUlMjBDcm9pc3N5JTIwJUMzJUEwJTIwbCVFMiU4MCU5OSVDMyVBRWxlJTIwZHUlMjBDaGlhcmQlMjBkZSUyMENoYXRvdS4lMjBBY3R1ZWxsZW1lbnQlMkMlMjBsZSUyMHNpdGUlMjBzZSUyMHNpdHVlJTIwc3VyJTBBbCVFMiU4MCU5OWlsZSUyMGVuJTIwZmFjZSUyMGR1JTIwQ2glQzMlQTJ0ZWF1JTIwQ2hhbm9yaWVyJTJDJTIwYyVDMyVCNHQlQzMlQTklMjBDcm9pc3N5JTIwb3UlMjBkdSUyMHN0YWRlJTIwRXNzbyUyQyUyMGMlQzMlQjR0JUMzJUE5JTIwUnVlaWwuJTBBJTBBJTNDJTJGcCUzRSUwQSUwQSUzQ3AlM0VTdWl0ZSUyMCVDMyVBMCUyMGxhJTIwZGVzdHJ1Y3Rpb24lMjBkZSUyMGxhJTIwR3Jlbm91aWxsJUMzJUE4cmUlMjBlbiUyMDE5MjglMkMlMjBsJTI3QXNzb2NpYXRpb24lMjBkZXMlMjBBbWlzJTIwZGUlMjBsYSUyMEdyZW5vdWlsbCVDMyVBOHJlJTIwYSUyMHJlY29uc3RpdHUlQzMlQTklMjBsJTI3ZW5kcm9pdCUyMGluaXRpYWwlMjBkdSUyMENhbWVtYmVydCUyMCUyOCVDMyVBRWxvdCUyMGVtYmwlQzMlQTltYXRpcXVlJTIwZGUlMjBsYSUyMGd1aW5ndWV0dGUlMjklMjBlbiUyMDE5OTkuJTIwT24lMjB5JTIwYWNjJUMzJUE4ZGUlMjAlQzMlQTAlMjBwYXJ0aXIlMjBkdSUyMHBvbnQlMjBkZSUyMEJvdWdpdmFsJTIwb3UlMjBkdSUyMHBhcmMlMjBkZXMlMjBJbXByZXNzaW9ubmlzdGVzJTIwJUMzJUEwJTIwQ2hhdG91LiUzQyUyRnAlM0U=[\/vc_raw_html][\/vc_column][\/vc_row]","og_url":"https:\/\/www.grenouillere-museum.com\/grenouillere\/collections-2\/la-grenouillere-son-site-et-son-histoire\/","og_site_name":"Mus\u00e9e de la Grenouill\u00e8re Croissy sur Seine","article_publisher":"https:\/\/www.facebook.com\/grenouillere.museum\/","article_modified_time":"2020-05-09T13:36:59+00:00","twitter_card":"summary_large_image","twitter_misc":{"Dur\u00e9e de lecture estim\u00e9e":"2 minutes"},"schema":{"@context":"https:\/\/schema.org","@graph":[{"@type":"WebPage","@id":"https:\/\/www.grenouillere-museum.com\/grenouillere\/collections-2\/la-grenouillere-son-site-et-son-histoire\/","url":"https:\/\/www.grenouillere-museum.com\/grenouillere\/collections-2\/la-grenouillere-son-site-et-son-histoire\/","name":"Site de la Grenouill\u00e8re - Mus\u00e9e de la Grenouill\u00e8re Croissy sur Seine","isPartOf":{"@id":"https:\/\/www.grenouillere-museum.com\/grenouillere\/#website"},"datePublished":"2014-05-27T11:10:02+00:00","dateModified":"2020-05-09T13:36:59+00:00","breadcrumb":{"@id":"https:\/\/www.grenouillere-museum.com\/grenouillere\/collections-2\/la-grenouillere-son-site-et-son-histoire\/#breadcrumb"},"inLanguage":"fr-FR","potentialAction":[{"@type":"ReadAction","target":["https:\/\/www.grenouillere-museum.com\/grenouillere\/collections-2\/la-grenouillere-son-site-et-son-histoire\/"]}]},{"@type":"BreadcrumbList","@id":"https:\/\/www.grenouillere-museum.com\/grenouillere\/collections-2\/la-grenouillere-son-site-et-son-histoire\/#breadcrumb","itemListElement":[{"@type":"ListItem","position":1,"name":"Accueil","item":"https:\/\/www.grenouillere-museum.com\/grenouillere\/"},{"@type":"ListItem","position":2,"name":"Collections","item":"https:\/\/www.grenouillere-museum.com\/grenouillere\/collections-2\/"},{"@type":"ListItem","position":3,"name":"Site de la Grenouill\u00e8re"}]},{"@type":"WebSite","@id":"https:\/\/www.grenouillere-museum.com\/grenouillere\/#website","url":"https:\/\/www.grenouillere-museum.com\/grenouillere\/","name":"Mus\u00e9e de la Grenouill\u00e8re","description":"Laissez-vous emmener sur le lieu de naissance de l\u2019Impressionnisme","potentialAction":[{"@type":"SearchAction","target":{"@type":"EntryPoint","urlTemplate":"https:\/\/www.grenouillere-museum.com\/grenouillere\/?s={search_term_string}"},"query-input":{"@type":"PropertyValueSpecification","valueRequired":true,"valueName":"search_term_string"}}],"inLanguage":"fr-FR"}]}},"_links":{"self":[{"href":"https:\/\/www.grenouillere-museum.com\/grenouillere\/wp-json\/wp\/v2\/pages\/983"}],"collection":[{"href":"https:\/\/www.grenouillere-museum.com\/grenouillere\/wp-json\/wp\/v2\/pages"}],"about":[{"href":"https:\/\/www.grenouillere-museum.com\/grenouillere\/wp-json\/wp\/v2\/types\/page"}],"author":[{"embeddable":true,"href":"https:\/\/www.grenouillere-museum.com\/grenouillere\/wp-json\/wp\/v2\/users\/2"}],"replies":[{"embeddable":true,"href":"https:\/\/www.grenouillere-museum.com\/grenouillere\/wp-json\/wp\/v2\/comments?post=983"}],"version-history":[{"count":51,"href":"https:\/\/www.grenouillere-museum.com\/grenouillere\/wp-json\/wp\/v2\/pages\/983\/revisions"}],"predecessor-version":[{"id":5170,"href":"https:\/\/www.grenouillere-museum.com\/grenouillere\/wp-json\/wp\/v2\/pages\/983\/revisions\/5170"}],"up":[{"embeddable":true,"href":"https:\/\/www.grenouillere-museum.com\/grenouillere\/wp-json\/wp\/v2\/pages\/474"}],"wp:attachment":[{"href":"https:\/\/www.grenouillere-museum.com\/grenouillere\/wp-json\/wp\/v2\/media?parent=983"}],"curies":[{"name":"wp","href":"https:\/\/api.w.org\/{rel}","templated":true}]}}