{"id":981,"date":"2014-05-27T18:47:55","date_gmt":"2014-05-27T11:08:59","guid":{"rendered":"http:\/\/www.grenouillere-museum.com\/grenouillere\/?page_id=981"},"modified":"2016-04-26T13:15:19","modified_gmt":"2016-04-26T12:15:19","slug":"bal-de-la-grenouillere","status":"publish","type":"page","link":"https:\/\/www.grenouillere-museum.com\/grenouillere\/bal-de-la-grenouillere\/","title":{"rendered":"Bal costum\u00e9"},"content":{"rendered":"<section class=\"wpb-content-wrapper\"><p>[vc_row][vc_column][vc_raw_html]JTNDaDElM0VMZSUyMEJhbCUyMGNvc3R1bSVDMyVBOSUyMGRlcyUyMEFtaXMlMjBkZSUyMGxhJTIwR3Jlbm91aWxsJUMzJUE4cmUlM0MlMkZoMSUzRSUwQSUzQ2gyJTNFJTNDcSUzRUwlRTIlODAlOTllc3ByaXQlMjBkZSUyMGYlQzMlQUF0ZSUyMGV0JTIwZCVFMiU4MCU5OWluc291Y2lhbmNlJTIwZGUlMjBsYSUyMEJlbGxlJTIwRXBvcXVlJTIwJTIxJTNDJTJGcSUzRSUzQyUyRmgyJTNF[\/vc_raw_html][\/vc_column][\/vc_row][vc_row][vc_column][vc_raw_html]JTNDcCUzRUxlcyUyMGJhbHMlMjBzb250JTJDJTIwZGVwdWlzJTIwbGVzJTIwYW5uJUMzJUE5ZXMlMjAxODYwJTJDJTIwdW5lJTIwY29uc3RhbnRlJTIwZGFucyUyMGxlcyUyMGxvaXNpcnMlMjBkZSUyMGxhJTIwYm91Y2xlJTIwZGUlMjBTZWluZSUyMGR1JTIwUGF5cyUwQWRlcyUyMEltcHJlc3Npb25uaXN0ZXMuJTIwTGElMjBHdWluZ3VldHRlJTIwZGUlMjBsYSUyMEdyZW5vdWlsbCVDMyVBOHJlJTIwbiVFMiU4MCU5OWVuJTIwb3JnYW5pc2FpdCUyMHBhcyUyMG1vaW5zJTIwZGUlMjBkZXV4JTIwcGFyJTBBc2VtYWluZSUyQyUyMGxlJTIwamV1ZGklMjBzb2lyJTIwZXQlMjBsZSUyMGRpbWFuY2hlJTIwc29pciUyQyUyMGF0dGlyYW50JTIwdW4lMjBsYXJnZSUyMHB1YmxpYyUyMGRlcyUyMGFsZW50b3VycyUyMG1haXMlMjBhdXNzaSUyMGRlJTIwUGFyaXMuJTBBQXVqb3VyZCVFMiU4MCU5OWh1aSUyQyUyMGNldCUyMCVDMyVBOXRhYmxpc3NlbWVudCUyMGElMjBkaXNwYXJ1JTIwbWFpcyUyMHBvdXIlMjByZW5vdWVyJTIwYXZlYyUyMGxlJTIwcGFzcyVDMyVBOSUyMGRlJTIwY2UlMjBjJUMzJUE5bCVDMyVBOGJyZSUyMGxpZXUlMjBkZSUwQWxvaXNpcnMlMjBldCUyMGRlJTIwcGxhaXNpcnMlMkMlMjBsJUUyJTgwJTk5YXNzb2NpYXRpb24lMjBkZXMlMjBBbWlzJTIwZGUlMjBsYSUyMEdyZW5vdWlsbCVDMyVBOHJlJTIwYSUyMG9yZ2FuaXMlQzMlQTklMjBlbiUyMGp1aW4lMjAyMDE0JTIwdW5lJTIwc29pciVDMyVBOWUlMEFjb3N0dW0lQzMlQTllJTIwb3V2ZXJ0ZSUyMCVDMyVBMCUyMHRvdXMlMjBhdSUyMENoJUMzJUEydGVhdSUyMENoYW5vcmllciUyMGRlJTIwQ3JvaXNzeS1zdXItU2VpbmUlMkMlMjAlQzMlQTl2JUMzJUE5bmVtZW50JTIwcXVpJTIwYSUyMGV1JTIwYmVhdWNvdXAlMEFkZSUyMHN1Y2MlQzMlQThzLiUzQyUyRnAlM0U=[\/vc_raw_html][\/vc_column][\/vc_row][vc_row][vc_column width=\u00a0\u00bb1\/3&Prime;][vc_single_image image=\u00a0\u00bb3877&Prime; img_size=\u00a0\u00bbfull\u00a0\u00bb alignment=\u00a0\u00bbcenter\u00a0\u00bb el_class=\u00a0\u00bbvignette\u00a0\u00bb][\/vc_column][vc_column width=\u00a0\u00bb1\/3&Prime;][vc_raw_html]<\/p>\n<p>JTNDcCUzRSUzQ3ElM0VMZXMlMjByZW5zZWlnbmVtZW50cyUyMHN1ciUyMGxlJTIwYmFsJTIwc2Vyb250JTIwYWN0dWFsaXMlQzMlQTlzJTIwc3VyJTIwbGElMjBwYWdlJTIwRmFjZWJvb2slMjBkdSUyMG11cyVDMyVBOWUuJTIwUmVuZGV6LXZvdXMlMjBzdXIlMjAlMEElMEElM0NhJTIwaHJlZiUzRCUyMmh0dHBzJTNBJTJGJTJGd3d3LmZhY2Vib29rLmNvbSUyRm11c2VlLmRlbGFncmVub3VpbGxlcmUlMjIlM0UlMjBGYWNlYm9vayUyMCUyMSUyMCUzQyUyRmElM0UlM0MlMkZxJTNFJTNDJTJGcCUzRQ==<\/p>\n<p>[\/vc_raw_html][\/vc_column][vc_column width=\u00a0\u00bb1\/3&Prime;][vc_single_image image=\u00a0\u00bb2752&Prime; img_size=\u00a0\u00bbfull\u00a0\u00bb alignment=\u00a0\u00bbcenter\u00a0\u00bb el_class=\u00a0\u00bbvignette\u00a0\u00bb][\/vc_column][\/vc_row][vc_row][vc_column][vc_column_text]<br \/>\n[\/vc_column_text][\/vc_column][\/vc_row]<\/p>\n<\/section>","protected":false},"excerpt":{"rendered":"<p>[vc_row][vc_column][vc_raw_html]JTNDaDElM0VMZSUyMEJhbCUyMGNvc3R1bSVDMyVBOSUyMGRlcyUyMEFtaXMlMjBkZSUyMGxhJTIwR3Jlbm91aWxsJUMzJUE4cmUlM0MlMkZoMSUzRSUwQSUzQ2gyJTNFJTNDcSUzRUwlRTIlODAlOTllc3ByaXQlMjBkZSUyMGYlQzMlQUF0ZSUyMGV0JTIwZCVFMiU4MCU5OWluc291Y2lhbmNlJTIwZGUlMjBsYSUyMEJlbGxlJTIwRXBvcXVlJTIwJTIxJTNDJTJGcSUzRSUzQyUyRmgyJTNF[\/vc_raw_html][\/vc_column][\/vc_row][vc_row][vc_column][vc_raw_html]JTNDcCUzRUxlcyUyMGJhbHMlMjBzb250JTJDJTIwZGVwdWlzJTIwbGVzJTIwYW5uJUMzJUE5ZXMlMjAxODYwJTJDJTIwdW5lJTIwY29uc3RhbnRlJTIwZGFucyUyMGxlcyUyMGxvaXNpcnMlMjBkZSUyMGxhJTIwYm91Y2xlJTIwZGUlMjBTZWluZSUyMGR1JTIwUGF5cyUwQWRlcyUyMEltcHJlc3Npb25uaXN0ZXMuJTIwTGElMjBHdWluZ3VldHRlJTIwZGUlMjBsYSUyMEdyZW5vdWlsbCVDMyVBOHJlJTIwbiVFMiU4MCU5OWVuJTIwb3JnYW5pc2FpdCUyMHBhcyUyMG1vaW5zJTIwZGUlMjBkZXV4JTIwcGFyJTBBc2VtYWluZSUyQyUyMGxlJTIwamV1ZGklMjBzb2lyJTIwZXQlMjBsZSUyMGRpbWFuY2hlJTIwc29pciUyQyUyMGF0dGlyYW50JTIwdW4lMjBsYXJnZSUyMHB1YmxpYyUyMGRlcyUyMGFsZW50b3VycyUyMG1haXMlMjBhdXNzaSUyMGRlJTIwUGFyaXMuJTBBQXVqb3VyZCVFMiU4MCU5OWh1aSUyQyUyMGNldCUyMCVDMyVBOXRhYmxpc3NlbWVudCUyMGElMjBkaXNwYXJ1JTIwbWFpcyUyMHBvdXIlMjByZW5vdWVyJTIwYXZlYyUyMGxlJTIwcGFzcyVDMyVBOSUyMGRlJTIwY2UlMjBjJUMzJUE5bCVDMyVBOGJyZSUyMGxpZXUlMjBkZSUwQWxvaXNpcnMlMjBldCUyMGRlJTIwcGxhaXNpcnMlMkMlMjBsJUUyJTgwJTk5YXNzb2NpYXRpb24lMjBkZXMlMjBBbWlzJTIwZGUlMjBsYSUyMEdyZW5vdWlsbCVDMyVBOHJlJTIwYSUyMG9yZ2FuaXMlQzMlQTklMjBlbiUyMGp1aW4lMjAyMDE0JTIwdW5lJTIwc29pciVDMyVBOWUlMEFjb3N0dW0lQzMlQTllJTIwb3V2ZXJ0ZSUyMCVDMyVBMCUyMHRvdXMlMjBhdSUyMENoJUMzJUEydGVhdSUyMENoYW5vcmllciUyMGRlJTIwQ3JvaXNzeS1zdXItU2VpbmUlMkMlMjAlQzMlQTl2JUMzJUE5bmVtZW50JTIwcXVpJTIwYSUyMGV1JTIwYmVhdWNvdXAlMEFkZSUyMHN1Y2MlQzMlQThzLiUzQyUyRnAlM0U=[\/vc_raw_html][\/vc_column][\/vc_row][vc_row][vc_column width=\u00a0\u00bb1\/3&Prime;][vc_single_image image=\u00a0\u00bb3877&Prime; img_size=\u00a0\u00bbfull\u00a0\u00bb alignment=\u00a0\u00bbcenter\u00a0\u00bb el_class=\u00a0\u00bbvignette\u00a0\u00bb][\/vc_column][vc_column width=\u00a0\u00bb1\/3&Prime;][vc_raw_html] JTNDcCUzRSUzQ3ElM0VMZXMlMjByZW5zZWlnbmVtZW50cyUyMHN1ciUyMGxlJTIwYmFsJTIwc2Vyb250JTIwYWN0dWFsaXMlQzMlQTlzJTIwc3VyJTIwbGElMjBwYWdlJTIwRmFjZWJvb2slMjBkdSUyMG11cyVDMyVBOWUuJTIwUmVuZGV6LXZvdXMlMjBzdXIlMjAlMEElMEElM0NhJTIwaHJlZiUzRCUyMmh0dHBzJTNBJTJGJTJGd3d3LmZhY2Vib29rLmNvbSUyRm11c2VlLmRlbGFncmVub3VpbGxlcmUlMjIlM0UlMjBGYWNlYm9vayUyMCUyMSUyMCUzQyUyRmElM0UlM0MlMkZxJTNFJTNDJTJGcCUzRQ== [\/vc_raw_html][\/vc_column][vc_column width=\u00a0\u00bb1\/3&Prime;][vc_single_image image=\u00a0\u00bb2752&Prime; img_size=\u00a0\u00bbfull\u00a0\u00bb alignment=\u00a0\u00bbcenter\u00a0\u00bb el_class=\u00a0\u00bbvignette\u00a0\u00bb][\/vc_column][\/vc_row][vc_row][vc_column][vc_column_text] [\/vc_column_text][\/vc_column][\/vc_row]<\/p>\n","protected":false},"author":2,"featured_media":0,"parent":0,"menu_order":0,"comment_status":"closed","ping_status":"open","template":"","meta":{"_genesis_hide_title":false,"_genesis_hide_breadcrumbs":false,"_genesis_hide_singular_image":false,"_genesis_hide_footer_widgets":false,"_genesis_custom_body_class":"","_genesis_custom_post_class":"","_genesis_layout":"","footnotes":""},"yoast_head":"<!-- This site is optimized with the Yoast SEO plugin v23.5 - https:\/\/yoast.com\/wordpress\/plugins\/seo\/ -->\n<title>Bal costum\u00e9 - Mus\u00e9e de la Grenouill\u00e8re Croissy sur Seine<\/title>\n<meta name=\"robots\" content=\"index, follow, max-snippet:-1, max-image-preview:large, max-video-preview:-1\" \/>\n<link rel=\"canonical\" href=\"https:\/\/www.grenouillere-museum.com\/grenouillere\/bal-de-la-grenouillere\/\" \/>\n<meta property=\"og:locale\" content=\"fr_FR\" \/>\n<meta property=\"og:type\" content=\"article\" \/>\n<meta property=\"og:title\" content=\"Bal costum\u00e9 - Mus\u00e9e de la Grenouill\u00e8re Croissy sur Seine\" \/>\n<meta property=\"og:description\" content=\"[vc_row][vc_column][vc_raw_html]JTNDaDElM0VMZSUyMEJhbCUyMGNvc3R1bSVDMyVBOSUyMGRlcyUyMEFtaXMlMjBkZSUyMGxhJTIwR3Jlbm91aWxsJUMzJUE4cmUlM0MlMkZoMSUzRSUwQSUzQ2gyJTNFJTNDcSUzRUwlRTIlODAlOTllc3ByaXQlMjBkZSUyMGYlQzMlQUF0ZSUyMGV0JTIwZCVFMiU4MCU5OWluc291Y2lhbmNlJTIwZGUlMjBsYSUyMEJlbGxlJTIwRXBvcXVlJTIwJTIxJTNDJTJGcSUzRSUzQyUyRmgyJTNF[\/vc_raw_html][\/vc_column][\/vc_row][vc_row][vc_column][vc_raw_html]JTNDcCUzRUxlcyUyMGJhbHMlMjBzb250JTJDJTIwZGVwdWlzJTIwbGVzJTIwYW5uJUMzJUE5ZXMlMjAxODYwJTJDJTIwdW5lJTIwY29uc3RhbnRlJTIwZGFucyUyMGxlcyUyMGxvaXNpcnMlMjBkZSUyMGxhJTIwYm91Y2xlJTIwZGUlMjBTZWluZSUyMGR1JTIwUGF5cyUwQWRlcyUyMEltcHJlc3Npb25uaXN0ZXMuJTIwTGElMjBHdWluZ3VldHRlJTIwZGUlMjBsYSUyMEdyZW5vdWlsbCVDMyVBOHJlJTIwbiVFMiU4MCU5OWVuJTIwb3JnYW5pc2FpdCUyMHBhcyUyMG1vaW5zJTIwZGUlMjBkZXV4JTIwcGFyJTBBc2VtYWluZSUyQyUyMGxlJTIwamV1ZGklMjBzb2lyJTIwZXQlMjBsZSUyMGRpbWFuY2hlJTIwc29pciUyQyUyMGF0dGlyYW50JTIwdW4lMjBsYXJnZSUyMHB1YmxpYyUyMGRlcyUyMGFsZW50b3VycyUyMG1haXMlMjBhdXNzaSUyMGRlJTIwUGFyaXMuJTBBQXVqb3VyZCVFMiU4MCU5OWh1aSUyQyUyMGNldCUyMCVDMyVBOXRhYmxpc3NlbWVudCUyMGElMjBkaXNwYXJ1JTIwbWFpcyUyMHBvdXIlMjByZW5vdWVyJTIwYXZlYyUyMGxlJTIwcGFzcyVDMyVBOSUyMGRlJTIwY2UlMjBjJUMzJUE5bCVDMyVBOGJyZSUyMGxpZXUlMjBkZSUwQWxvaXNpcnMlMjBldCUyMGRlJTIwcGxhaXNpcnMlMkMlMjBsJUUyJTgwJTk5YXNzb2NpYXRpb24lMjBkZXMlMjBBbWlzJTIwZGUlMjBsYSUyMEdyZW5vdWlsbCVDMyVBOHJlJTIwYSUyMG9yZ2FuaXMlQzMlQTklMjBlbiUyMGp1aW4lMjAyMDE0JTIwdW5lJTIwc29pciVDMyVBOWUlMEFjb3N0dW0lQzMlQTllJTIwb3V2ZXJ0ZSUyMCVDMyVBMCUyMHRvdXMlMjBhdSUyMENoJUMzJUEydGVhdSUyMENoYW5vcmllciUyMGRlJTIwQ3JvaXNzeS1zdXItU2VpbmUlMkMlMjAlQzMlQTl2JUMzJUE5bmVtZW50JTIwcXVpJTIwYSUyMGV1JTIwYmVhdWNvdXAlMEFkZSUyMHN1Y2MlQzMlQThzLiUzQyUyRnAlM0U=[\/vc_raw_html][\/vc_column][\/vc_row][vc_row][vc_column width=\u00a0\u00bb1\/3&Prime;][vc_single_image image=\u00a0\u00bb3877&Prime; img_size=\u00a0\u00bbfull\u00a0\u00bb alignment=\u00a0\u00bbcenter\u00a0\u00bb el_class=\u00a0\u00bbvignette\u00a0\u00bb][\/vc_column][vc_column width=\u00a0\u00bb1\/3&Prime;][vc_raw_html] JTNDcCUzRSUzQ3ElM0VMZXMlMjByZW5zZWlnbmVtZW50cyUyMHN1ciUyMGxlJTIwYmFsJTIwc2Vyb250JTIwYWN0dWFsaXMlQzMlQTlzJTIwc3VyJTIwbGElMjBwYWdlJTIwRmFjZWJvb2slMjBkdSUyMG11cyVDMyVBOWUuJTIwUmVuZGV6LXZvdXMlMjBzdXIlMjAlMEElMEElM0NhJTIwaHJlZiUzRCUyMmh0dHBzJTNBJTJGJTJGd3d3LmZhY2Vib29rLmNvbSUyRm11c2VlLmRlbGFncmVub3VpbGxlcmUlMjIlM0UlMjBGYWNlYm9vayUyMCUyMSUyMCUzQyUyRmElM0UlM0MlMkZxJTNFJTNDJTJGcCUzRQ== [\/vc_raw_html][\/vc_column][vc_column width=\u00a0\u00bb1\/3&Prime;][vc_single_image image=\u00a0\u00bb2752&Prime; img_size=\u00a0\u00bbfull\u00a0\u00bb alignment=\u00a0\u00bbcenter\u00a0\u00bb el_class=\u00a0\u00bbvignette\u00a0\u00bb][\/vc_column][\/vc_row][vc_row][vc_column][vc_column_text] [\/vc_column_text][\/vc_column][\/vc_row]\" \/>\n<meta property=\"og:url\" content=\"https:\/\/www.grenouillere-museum.com\/grenouillere\/bal-de-la-grenouillere\/\" \/>\n<meta property=\"og:site_name\" content=\"Mus\u00e9e de la Grenouill\u00e8re Croissy sur Seine\" \/>\n<meta property=\"article:publisher\" content=\"https:\/\/www.facebook.com\/grenouillere.museum\/\" \/>\n<meta property=\"article:modified_time\" content=\"2016-04-26T12:15:19+00:00\" \/>\n<meta name=\"twitter:card\" content=\"summary_large_image\" \/>\n<meta name=\"twitter:label1\" content=\"Dur\u00e9e de lecture estim\u00e9e\" \/>\n\t<meta name=\"twitter:data1\" content=\"1 minute\" \/>\n<script type=\"application\/ld+json\" class=\"yoast-schema-graph\">{\"@context\":\"https:\/\/schema.org\",\"@graph\":[{\"@type\":\"WebPage\",\"@id\":\"https:\/\/www.grenouillere-museum.com\/grenouillere\/bal-de-la-grenouillere\/\",\"url\":\"https:\/\/www.grenouillere-museum.com\/grenouillere\/bal-de-la-grenouillere\/\",\"name\":\"Bal costum\u00e9 - Mus\u00e9e de la Grenouill\u00e8re Croissy sur Seine\",\"isPartOf\":{\"@id\":\"https:\/\/www.grenouillere-museum.com\/grenouillere\/#website\"},\"datePublished\":\"2014-05-27T11:08:59+00:00\",\"dateModified\":\"2016-04-26T12:15:19+00:00\",\"breadcrumb\":{\"@id\":\"https:\/\/www.grenouillere-museum.com\/grenouillere\/bal-de-la-grenouillere\/#breadcrumb\"},\"inLanguage\":\"fr-FR\",\"potentialAction\":[{\"@type\":\"ReadAction\",\"target\":[\"https:\/\/www.grenouillere-museum.com\/grenouillere\/bal-de-la-grenouillere\/\"]}]},{\"@type\":\"BreadcrumbList\",\"@id\":\"https:\/\/www.grenouillere-museum.com\/grenouillere\/bal-de-la-grenouillere\/#breadcrumb\",\"itemListElement\":[{\"@type\":\"ListItem\",\"position\":1,\"name\":\"Accueil\",\"item\":\"https:\/\/www.grenouillere-museum.com\/grenouillere\/\"},{\"@type\":\"ListItem\",\"position\":2,\"name\":\"Bal costum\u00e9\"}]},{\"@type\":\"WebSite\",\"@id\":\"https:\/\/www.grenouillere-museum.com\/grenouillere\/#website\",\"url\":\"https:\/\/www.grenouillere-museum.com\/grenouillere\/\",\"name\":\"Mus\u00e9e de la Grenouill\u00e8re\",\"description\":\"Laissez-vous emmener sur le lieu de naissance de l\u2019Impressionnisme\",\"potentialAction\":[{\"@type\":\"SearchAction\",\"target\":{\"@type\":\"EntryPoint\",\"urlTemplate\":\"https:\/\/www.grenouillere-museum.com\/grenouillere\/?s={search_term_string}\"},\"query-input\":{\"@type\":\"PropertyValueSpecification\",\"valueRequired\":true,\"valueName\":\"search_term_string\"}}],\"inLanguage\":\"fr-FR\"}]}<\/script>\n<!-- \/ Yoast SEO plugin. -->","yoast_head_json":{"title":"Bal costum\u00e9 - Mus\u00e9e de la Grenouill\u00e8re Croissy sur Seine","robots":{"index":"index","follow":"follow","max-snippet":"max-snippet:-1","max-image-preview":"max-image-preview:large","max-video-preview":"max-video-preview:-1"},"canonical":"https:\/\/www.grenouillere-museum.com\/grenouillere\/bal-de-la-grenouillere\/","og_locale":"fr_FR","og_type":"article","og_title":"Bal costum\u00e9 - Mus\u00e9e de la Grenouill\u00e8re Croissy sur Seine","og_description":"[vc_row][vc_column][vc_raw_html]JTNDaDElM0VMZSUyMEJhbCUyMGNvc3R1bSVDMyVBOSUyMGRlcyUyMEFtaXMlMjBkZSUyMGxhJTIwR3Jlbm91aWxsJUMzJUE4cmUlM0MlMkZoMSUzRSUwQSUzQ2gyJTNFJTNDcSUzRUwlRTIlODAlOTllc3ByaXQlMjBkZSUyMGYlQzMlQUF0ZSUyMGV0JTIwZCVFMiU4MCU5OWluc291Y2lhbmNlJTIwZGUlMjBsYSUyMEJlbGxlJTIwRXBvcXVlJTIwJTIxJTNDJTJGcSUzRSUzQyUyRmgyJTNF[\/vc_raw_html][\/vc_column][\/vc_row][vc_row][vc_column][vc_raw_html]JTNDcCUzRUxlcyUyMGJhbHMlMjBzb250JTJDJTIwZGVwdWlzJTIwbGVzJTIwYW5uJUMzJUE5ZXMlMjAxODYwJTJDJTIwdW5lJTIwY29uc3RhbnRlJTIwZGFucyUyMGxlcyUyMGxvaXNpcnMlMjBkZSUyMGxhJTIwYm91Y2xlJTIwZGUlMjBTZWluZSUyMGR1JTIwUGF5cyUwQWRlcyUyMEltcHJlc3Npb25uaXN0ZXMuJTIwTGElMjBHdWluZ3VldHRlJTIwZGUlMjBsYSUyMEdyZW5vdWlsbCVDMyVBOHJlJTIwbiVFMiU4MCU5OWVuJTIwb3JnYW5pc2FpdCUyMHBhcyUyMG1vaW5zJTIwZGUlMjBkZXV4JTIwcGFyJTBBc2VtYWluZSUyQyUyMGxlJTIwamV1ZGklMjBzb2lyJTIwZXQlMjBsZSUyMGRpbWFuY2hlJTIwc29pciUyQyUyMGF0dGlyYW50JTIwdW4lMjBsYXJnZSUyMHB1YmxpYyUyMGRlcyUyMGFsZW50b3VycyUyMG1haXMlMjBhdXNzaSUyMGRlJTIwUGFyaXMuJTBBQXVqb3VyZCVFMiU4MCU5OWh1aSUyQyUyMGNldCUyMCVDMyVBOXRhYmxpc3NlbWVudCUyMGElMjBkaXNwYXJ1JTIwbWFpcyUyMHBvdXIlMjByZW5vdWVyJTIwYXZlYyUyMGxlJTIwcGFzcyVDMyVBOSUyMGRlJTIwY2UlMjBjJUMzJUE5bCVDMyVBOGJyZSUyMGxpZXUlMjBkZSUwQWxvaXNpcnMlMjBldCUyMGRlJTIwcGxhaXNpcnMlMkMlMjBsJUUyJTgwJTk5YXNzb2NpYXRpb24lMjBkZXMlMjBBbWlzJTIwZGUlMjBsYSUyMEdyZW5vdWlsbCVDMyVBOHJlJTIwYSUyMG9yZ2FuaXMlQzMlQTklMjBlbiUyMGp1aW4lMjAyMDE0JTIwdW5lJTIwc29pciVDMyVBOWUlMEFjb3N0dW0lQzMlQTllJTIwb3V2ZXJ0ZSUyMCVDMyVBMCUyMHRvdXMlMjBhdSUyMENoJUMzJUEydGVhdSUyMENoYW5vcmllciUyMGRlJTIwQ3JvaXNzeS1zdXItU2VpbmUlMkMlMjAlQzMlQTl2JUMzJUE5bmVtZW50JTIwcXVpJTIwYSUyMGV1JTIwYmVhdWNvdXAlMEFkZSUyMHN1Y2MlQzMlQThzLiUzQyUyRnAlM0U=[\/vc_raw_html][\/vc_column][\/vc_row][vc_row][vc_column width=\u00a0\u00bb1\/3&Prime;][vc_single_image image=\u00a0\u00bb3877&Prime; img_size=\u00a0\u00bbfull\u00a0\u00bb alignment=\u00a0\u00bbcenter\u00a0\u00bb el_class=\u00a0\u00bbvignette\u00a0\u00bb][\/vc_column][vc_column width=\u00a0\u00bb1\/3&Prime;][vc_raw_html] JTNDcCUzRSUzQ3ElM0VMZXMlMjByZW5zZWlnbmVtZW50cyUyMHN1ciUyMGxlJTIwYmFsJTIwc2Vyb250JTIwYWN0dWFsaXMlQzMlQTlzJTIwc3VyJTIwbGElMjBwYWdlJTIwRmFjZWJvb2slMjBkdSUyMG11cyVDMyVBOWUuJTIwUmVuZGV6LXZvdXMlMjBzdXIlMjAlMEElMEElM0NhJTIwaHJlZiUzRCUyMmh0dHBzJTNBJTJGJTJGd3d3LmZhY2Vib29rLmNvbSUyRm11c2VlLmRlbGFncmVub3VpbGxlcmUlMjIlM0UlMjBGYWNlYm9vayUyMCUyMSUyMCUzQyUyRmElM0UlM0MlMkZxJTNFJTNDJTJGcCUzRQ== [\/vc_raw_html][\/vc_column][vc_column width=\u00a0\u00bb1\/3&Prime;][vc_single_image image=\u00a0\u00bb2752&Prime; img_size=\u00a0\u00bbfull\u00a0\u00bb alignment=\u00a0\u00bbcenter\u00a0\u00bb el_class=\u00a0\u00bbvignette\u00a0\u00bb][\/vc_column][\/vc_row][vc_row][vc_column][vc_column_text] [\/vc_column_text][\/vc_column][\/vc_row]","og_url":"https:\/\/www.grenouillere-museum.com\/grenouillere\/bal-de-la-grenouillere\/","og_site_name":"Mus\u00e9e de la Grenouill\u00e8re Croissy sur Seine","article_publisher":"https:\/\/www.facebook.com\/grenouillere.museum\/","article_modified_time":"2016-04-26T12:15:19+00:00","twitter_card":"summary_large_image","twitter_misc":{"Dur\u00e9e de lecture estim\u00e9e":"1 minute"},"schema":{"@context":"https:\/\/schema.org","@graph":[{"@type":"WebPage","@id":"https:\/\/www.grenouillere-museum.com\/grenouillere\/bal-de-la-grenouillere\/","url":"https:\/\/www.grenouillere-museum.com\/grenouillere\/bal-de-la-grenouillere\/","name":"Bal costum\u00e9 - Mus\u00e9e de la Grenouill\u00e8re Croissy sur Seine","isPartOf":{"@id":"https:\/\/www.grenouillere-museum.com\/grenouillere\/#website"},"datePublished":"2014-05-27T11:08:59+00:00","dateModified":"2016-04-26T12:15:19+00:00","breadcrumb":{"@id":"https:\/\/www.grenouillere-museum.com\/grenouillere\/bal-de-la-grenouillere\/#breadcrumb"},"inLanguage":"fr-FR","potentialAction":[{"@type":"ReadAction","target":["https:\/\/www.grenouillere-museum.com\/grenouillere\/bal-de-la-grenouillere\/"]}]},{"@type":"BreadcrumbList","@id":"https:\/\/www.grenouillere-museum.com\/grenouillere\/bal-de-la-grenouillere\/#breadcrumb","itemListElement":[{"@type":"ListItem","position":1,"name":"Accueil","item":"https:\/\/www.grenouillere-museum.com\/grenouillere\/"},{"@type":"ListItem","position":2,"name":"Bal costum\u00e9"}]},{"@type":"WebSite","@id":"https:\/\/www.grenouillere-museum.com\/grenouillere\/#website","url":"https:\/\/www.grenouillere-museum.com\/grenouillere\/","name":"Mus\u00e9e de la Grenouill\u00e8re","description":"Laissez-vous emmener sur le lieu de naissance de l\u2019Impressionnisme","potentialAction":[{"@type":"SearchAction","target":{"@type":"EntryPoint","urlTemplate":"https:\/\/www.grenouillere-museum.com\/grenouillere\/?s={search_term_string}"},"query-input":{"@type":"PropertyValueSpecification","valueRequired":true,"valueName":"search_term_string"}}],"inLanguage":"fr-FR"}]}},"_links":{"self":[{"href":"https:\/\/www.grenouillere-museum.com\/grenouillere\/wp-json\/wp\/v2\/pages\/981"}],"collection":[{"href":"https:\/\/www.grenouillere-museum.com\/grenouillere\/wp-json\/wp\/v2\/pages"}],"about":[{"href":"https:\/\/www.grenouillere-museum.com\/grenouillere\/wp-json\/wp\/v2\/types\/page"}],"author":[{"embeddable":true,"href":"https:\/\/www.grenouillere-museum.com\/grenouillere\/wp-json\/wp\/v2\/users\/2"}],"replies":[{"embeddable":true,"href":"https:\/\/www.grenouillere-museum.com\/grenouillere\/wp-json\/wp\/v2\/comments?post=981"}],"version-history":[{"count":50,"href":"https:\/\/www.grenouillere-museum.com\/grenouillere\/wp-json\/wp\/v2\/pages\/981\/revisions"}],"predecessor-version":[{"id":5077,"href":"https:\/\/www.grenouillere-museum.com\/grenouillere\/wp-json\/wp\/v2\/pages\/981\/revisions\/5077"}],"wp:attachment":[{"href":"https:\/\/www.grenouillere-museum.com\/grenouillere\/wp-json\/wp\/v2\/media?parent=981"}],"curies":[{"name":"wp","href":"https:\/\/api.w.org\/{rel}","templated":true}]}}