{"id":3158,"date":"2019-12-03T12:00:42","date_gmt":"2019-12-03T11:00:42","guid":{"rendered":"http:\/\/www.grenouillere-museum.com\/grenouillere\/?page_id=3158"},"modified":"2020-03-05T17:24:18","modified_gmt":"2020-03-05T16:24:18","slug":"accueil_save","status":"publish","type":"page","link":"https:\/\/www.grenouillere-museum.com\/grenouillere\/accueil_save\/","title":{"rendered":"accueil sauv\u00e9"},"content":{"rendered":"<section class=\"wpb-content-wrapper\"><p>[vc_row][vc_column width=\u00a0\u00bb1\/3&Prime;][vc_single_image image=\u00a0\u00bb7075&Prime; img_size=\u00a0\u00bbmedium\u00a0\u00bb alignment=\u00a0\u00bbcenter\u00a0\u00bb style=\u00a0\u00bbvc_box_shadow_3d\u00a0\u00bb css_animation=\u00a0\u00bbappear\u00a0\u00bb][\/vc_column][vc_column width=\u00a0\u00bb1\/3&Prime;][vc_single_image image=\u00a0\u00bb7021&Prime; img_size=\u00a0\u00bbmedium\u00a0\u00bb alignment=\u00a0\u00bbcenter\u00a0\u00bb style=\u00a0\u00bbvc_box_shadow_3d\u00a0\u00bb css_animation=\u00a0\u00bbappear\u00a0\u00bb][\/vc_column][vc_column width=\u00a0\u00bb1\/3&Prime;][vc_single_image image=\u00a0\u00bb1580&Prime; img_size=\u00a0\u00bbmedium\u00a0\u00bb alignment=\u00a0\u00bbcenter\u00a0\u00bb style=\u00a0\u00bbvc_box_shadow_3d\u00a0\u00bb css_animation=\u00a0\u00bbappear\u00a0\u00bb][\/vc_column][\/vc_row][vc_row][vc_column][vc_column_text]<a class=\"ubermenu-responsive-toggle ubermenu-responsive-toggle-main ubermenu-skin-charcoal ubermenu-loc-\" data-ubermenu-target=\"ubermenu-main-96\"><i class=\"fa fa-bars\"><\/i>Ev\u00e9nements     Collections    Visites<\/a><nav id=\"ubermenu-main-96\" class=\"ubermenu ubermenu-nojs ubermenu-main ubermenu-menu-96 ubermenu-responsive ubermenu-responsive-default ubermenu-responsive-collapse ubermenu-horizontal ubermenu-transition-slide ubermenu-trigger-click ubermenu-skin-charcoal ubermenu-has-border ubermenu-bar-align-full ubermenu-items-align-center ubermenu-bound ubermenu-hide-bkgs ubermenu-sub-indicators ubermenu-retractors-responsive\"><ul id=\"ubermenu-nav-main-96\" class=\"ubermenu-nav\"><li id=\"menu-item-2926\" class=\"ubermenu-item ubermenu-item-type-post_type ubermenu-item-object-page ubermenu-item-has-children ubermenu-item-2926 ubermenu-item-level-0 ubermenu-column ubermenu-column-1-3 ubermenu-has-submenu-drop ubermenu-has-submenu-mega\" ><span class=\"ubermenu-target ubermenu-target-with-image ubermenu-item-layout-image_above ubermenu-target-nowrap\" tabindex=\"0\"><img loading=\"lazy\" decoding=\"async\" class=\"ubermenu-image ubermenu-image-size-full\" src=\"https:\/\/www.grenouillere-museum.com\/grenouillere\/wp-content\/uploads\/2017\/05\/Musee_Grenouillere_bal-grenouillere.jpg\" width=\"460\" height=\"600\" alt=\"Musee_Grenouillere_bal-grenouillere\"  \/><span class=\"ubermenu-target-title ubermenu-target-text\">Exposition<\/span><\/span><ul class=\"ubermenu-submenu ubermenu-submenu-id-2926 ubermenu-submenu-type-auto ubermenu-submenu-type-mega ubermenu-submenu-drop ubermenu-submenu-align-left_edge_bar ubermenu-autoclear ubermenu-submenu-retractor-top\" ><li class=\"ubermenu-retractor ubermenu-retractor-mobile\"><i class=\"fa fa-times\"><\/i> Close<\/li><li id=\"menu-item-6370\" class=\"ubermenu-item ubermenu-item-type-post_type ubermenu-item-object-page ubermenu-item-6370 ubermenu-item-auto ubermenu-item-header ubermenu-item-level-1 ubermenu-column ubermenu-column-1-3\" ><a class=\"ubermenu-target ubermenu-item-layout-default ubermenu-item-layout-text_only\" href=\"https:\/\/www.grenouillere-museum.com\/grenouillere\/en-cours\/\"><span class=\"ubermenu-target-title ubermenu-target-text\">Exposition temporaire<\/span><\/a><\/li><li id=\"menu-item-4744\" class=\"ubermenu-item ubermenu-item-type-post_type ubermenu-item-object-page ubermenu-item-4744 ubermenu-item-auto ubermenu-item-header ubermenu-item-level-1 ubermenu-column ubermenu-column-1-3\" ><a class=\"ubermenu-target ubermenu-item-layout-default ubermenu-item-layout-text_only\" href=\"https:\/\/www.grenouillere-museum.com\/grenouillere\/archives_fr\/\"><span class=\"ubermenu-target-title ubermenu-target-text\">Expositions pass\u00e9es<\/span><\/a><\/li><li id=\"menu-item-2928\" class=\"ubermenu-item ubermenu-item-type-post_type ubermenu-item-object-page ubermenu-item-2928 ubermenu-item-auto ubermenu-item-header ubermenu-item-level-1 ubermenu-column ubermenu-column-1-5\" ><a class=\"ubermenu-target ubermenu-item-layout-image_left\" href=\"https:\/\/www.grenouillere-museum.com\/grenouillere\/bal-de-la-grenouillere\/\"><span class=\"ubermenu-target-title ubermenu-target-text\">Bal costum\u00e9<\/span><\/a><\/li><li id=\"menu-item-3390\" class=\"ubermenu-item ubermenu-item-type-post_type ubermenu-item-object-page ubermenu-item-3390 ubermenu-item-auto ubermenu-item-header ubermenu-item-level-1 ubermenu-column ubermenu-column-1-5\" ><a class=\"ubermenu-target ubermenu-item-layout-default ubermenu-item-layout-text_only\" href=\"https:\/\/www.grenouillere-museum.com\/grenouillere\/conferences-2\/\"><span class=\"ubermenu-target-title ubermenu-target-text\">Sorties<\/span><\/a><\/li><li id=\"menu-item-5127\" class=\"ubermenu-item ubermenu-item-type-post_type ubermenu-item-object-page ubermenu-item-5127 ubermenu-item-auto ubermenu-item-header ubermenu-item-level-1 ubermenu-column ubermenu-column-1-3\" ><a class=\"ubermenu-target ubermenu-item-layout-default ubermenu-item-layout-text_only\" href=\"https:\/\/www.grenouillere-museum.com\/grenouillere\/journees-du-patrimoine\/\"><span class=\"ubermenu-target-title ubermenu-target-text\">Journ\u00e9e du Patrimoine<\/span><\/a><\/li><li id=\"menu-item-6350\" class=\"ubermenu-item ubermenu-item-type-post_type ubermenu-item-object-page ubermenu-item-6350 ubermenu-item-auto ubermenu-item-header ubermenu-item-level-1 ubermenu-column ubermenu-column-1-3\" ><a class=\"ubermenu-target ubermenu-item-layout-default ubermenu-item-layout-text_only\" href=\"https:\/\/www.grenouillere-museum.com\/grenouillere\/5080-2\/\"><span class=\"ubermenu-target-title ubermenu-target-text\">Nuit des Mus\u00e9es<\/span><\/a><\/li><li class=\"ubermenu-retractor ubermenu-retractor-mobile\"><i class=\"fa fa-times\"><\/i> Close<\/li><\/ul><\/li><li id=\"menu-item-2923\" class=\"ubermenu-item ubermenu-item-type-post_type ubermenu-item-object-page ubermenu-item-has-children ubermenu-item-2923 ubermenu-item-level-0 ubermenu-column ubermenu-column-1-3 ubermenu-has-submenu-drop ubermenu-has-submenu-mega\" ><span class=\"ubermenu-target ubermenu-target-with-image ubermenu-item-layout-image_above\" tabindex=\"0\"><img loading=\"lazy\" decoding=\"async\" class=\"ubermenu-image ubermenu-image-size-full\" src=\"https:\/\/www.grenouillere-museum.com\/grenouillere\/wp-content\/uploads\/2015\/07\/modules_collection.jpg\" width=\"461\" height=\"600\" alt=\"modules_collection\"  \/><span class=\"ubermenu-target-title ubermenu-target-text\">Collections<\/span><\/span><ul class=\"ubermenu-submenu ubermenu-submenu-id-2923 ubermenu-submenu-type-auto ubermenu-submenu-type-mega ubermenu-submenu-drop ubermenu-submenu-align-left_edge_bar ubermenu-autoclear ubermenu-submenu-retractor-top\" ><li class=\"ubermenu-retractor ubermenu-retractor-mobile\"><i class=\"fa fa-times\"><\/i> Close<\/li><li id=\"menu-item-7447\" class=\"ubermenu-item ubermenu-item-type-post_type ubermenu-item-object-page ubermenu-item-7447 ubermenu-item-auto ubermenu-item-header ubermenu-item-level-1 ubermenu-column ubermenu-column-1-3\" ><a class=\"ubermenu-target ubermenu-item-layout-default ubermenu-item-layout-text_only\" href=\"https:\/\/www.grenouillere-museum.com\/grenouillere\/collections-2\/la-grenouillere-le-musee\/\"><span class=\"ubermenu-target-title ubermenu-target-text\">Mus\u00e9e<\/span><\/a><\/li><li id=\"menu-item-7448\" class=\"ubermenu-item ubermenu-item-type-post_type ubermenu-item-object-page ubermenu-item-7448 ubermenu-item-auto ubermenu-item-header ubermenu-item-level-1 ubermenu-column ubermenu-column-1-3\" ><a class=\"ubermenu-target ubermenu-item-layout-default ubermenu-item-layout-text_only\" href=\"https:\/\/www.grenouillere-museum.com\/grenouillere\/collections-2\/la-grenouillere-son-site-et-son-histoire\/\"><span class=\"ubermenu-target-title ubermenu-target-text\">Site de la Grenouill\u00e8re<\/span><\/a><\/li><li class=\"ubermenu-retractor ubermenu-retractor-mobile\"><i class=\"fa fa-times\"><\/i> Close<\/li><\/ul><\/li><li id=\"menu-item-2932\" class=\"ubermenu-item ubermenu-item-type-post_type ubermenu-item-object-page ubermenu-item-has-children ubermenu-item-2932 ubermenu-item-level-0 ubermenu-column ubermenu-column-1-3 ubermenu-has-submenu-drop ubermenu-has-submenu-mega\" ><span class=\"ubermenu-target ubermenu-target-with-image ubermenu-item-layout-image_above\" tabindex=\"0\"><img loading=\"lazy\" decoding=\"async\" class=\"ubermenu-image ubermenu-image-size-full\" src=\"https:\/\/www.grenouillere-museum.com\/grenouillere\/wp-content\/uploads\/2015\/07\/modules_visitel.jpg\" width=\"461\" height=\"600\" alt=\"modules_visitel\"  \/><span class=\"ubermenu-target-title ubermenu-target-text\">Visites<\/span><\/span><ul class=\"ubermenu-submenu ubermenu-submenu-id-2932 ubermenu-submenu-type-auto ubermenu-submenu-type-mega ubermenu-submenu-drop ubermenu-submenu-align-left_edge_bar ubermenu-autoclear ubermenu-submenu-retractor-top\" ><li class=\"ubermenu-retractor ubermenu-retractor-mobile\"><i class=\"fa fa-times\"><\/i> Close<\/li><li id=\"menu-item-2933\" class=\"ubermenu-item ubermenu-item-type-post_type ubermenu-item-object-page ubermenu-item-2933 ubermenu-item-auto ubermenu-item-header ubermenu-item-level-1 ubermenu-column ubermenu-column-1-2\" ><a class=\"ubermenu-target ubermenu-target-with-image ubermenu-item-layout-default ubermenu-item-layout-image_left\" href=\"https:\/\/www.grenouillere-museum.com\/grenouillere\/visites-2\/la-boutique\/\"><img loading=\"lazy\" decoding=\"async\" class=\"ubermenu-image ubermenu-image-size-full\" src=\"https:\/\/www.grenouillere-museum.com\/grenouillere\/wp-content\/uploads\/2015\/07\/boutique_400.jpg\" width=\"400\" height=\"300\" alt=\"boutique_400\"  \/><span class=\"ubermenu-target-title ubermenu-target-text\">Boutique<\/span><\/a><\/li><li id=\"menu-item-2934\" class=\"ubermenu-item ubermenu-item-type-post_type ubermenu-item-object-page ubermenu-item-2934 ubermenu-item-auto ubermenu-item-header ubermenu-item-level-1 ubermenu-column ubermenu-column-1-2\" ><a class=\"ubermenu-target ubermenu-target-with-image ubermenu-item-layout-default ubermenu-item-layout-image_left\" href=\"https:\/\/www.grenouillere-museum.com\/grenouillere\/visites-2\/pratique\/\"><img loading=\"lazy\" decoding=\"async\" class=\"ubermenu-image ubermenu-image-size-full\" src=\"https:\/\/www.grenouillere-museum.com\/grenouillere\/wp-content\/uploads\/2015\/07\/musee_grenouillere1.jpg\" width=\"400\" height=\"287\" alt=\"musee_grenouillere\"  \/><span class=\"ubermenu-target-title ubermenu-target-text\">Pratique<\/span><\/a><\/li><li class=\"ubermenu-retractor ubermenu-retractor-mobile\"><i class=\"fa fa-times\"><\/i> Close<\/li><\/ul><\/li><\/ul><\/nav><br \/>\n[\/vc_column_text][\/vc_column][\/vc_row]<\/p>\n<\/section>","protected":false},"excerpt":{"rendered":"<p>[vc_row][vc_column width=\u00a0\u00bb1\/3&Prime;][vc_single_image image=\u00a0\u00bb7075&Prime; img_size=\u00a0\u00bbmedium\u00a0\u00bb alignment=\u00a0\u00bbcenter\u00a0\u00bb style=\u00a0\u00bbvc_box_shadow_3d\u00a0\u00bb css_animation=\u00a0\u00bbappear\u00a0\u00bb][\/vc_column][vc_column width=\u00a0\u00bb1\/3&Prime;][vc_single_image image=\u00a0\u00bb7021&Prime; img_size=\u00a0\u00bbmedium\u00a0\u00bb alignment=\u00a0\u00bbcenter\u00a0\u00bb style=\u00a0\u00bbvc_box_shadow_3d\u00a0\u00bb css_animation=\u00a0\u00bbappear\u00a0\u00bb][\/vc_column][vc_column width=\u00a0\u00bb1\/3&Prime;][vc_single_image image=\u00a0\u00bb1580&Prime; img_size=\u00a0\u00bbmedium\u00a0\u00bb alignment=\u00a0\u00bbcenter\u00a0\u00bb style=\u00a0\u00bbvc_box_shadow_3d\u00a0\u00bb css_animation=\u00a0\u00bbappear\u00a0\u00bb][\/vc_column][\/vc_row][vc_row][vc_column][vc_column_text] [\/vc_column_text][\/vc_column][\/vc_row]<\/p>\n","protected":false},"author":5,"featured_media":7075,"parent":0,"menu_order":1,"comment_status":"closed","ping_status":"closed","template":"","meta":{"_genesis_hide_title":false,"_genesis_hide_breadcrumbs":false,"_genesis_hide_singular_image":false,"_genesis_hide_footer_widgets":false,"_genesis_custom_body_class":"","_genesis_custom_post_class":"","_genesis_layout":"","footnotes":""},"yoast_head":"<!-- This site is optimized with the Yoast SEO plugin v23.5 - https:\/\/yoast.com\/wordpress\/plugins\/seo\/ -->\n<title>accueil sauv\u00e9 - Mus\u00e9e de la Grenouill\u00e8re Croissy sur Seine<\/title>\n<meta name=\"robots\" content=\"index, follow, max-snippet:-1, max-image-preview:large, max-video-preview:-1\" \/>\n<link rel=\"canonical\" href=\"https:\/\/www.grenouillere-museum.com\/grenouillere\/accueil_save\/\" \/>\n<meta property=\"og:locale\" content=\"fr_FR\" \/>\n<meta property=\"og:type\" content=\"article\" \/>\n<meta property=\"og:title\" content=\"accueil sauv\u00e9 - Mus\u00e9e de la Grenouill\u00e8re Croissy sur Seine\" \/>\n<meta property=\"og:description\" content=\"[vc_row][vc_column width=\u00a0\u00bb1\/3&Prime;][vc_single_image image=\u00a0\u00bb7075&Prime; img_size=\u00a0\u00bbmedium\u00a0\u00bb alignment=\u00a0\u00bbcenter\u00a0\u00bb style=\u00a0\u00bbvc_box_shadow_3d\u00a0\u00bb css_animation=\u00a0\u00bbappear\u00a0\u00bb][\/vc_column][vc_column width=\u00a0\u00bb1\/3&Prime;][vc_single_image image=\u00a0\u00bb7021&Prime; img_size=\u00a0\u00bbmedium\u00a0\u00bb alignment=\u00a0\u00bbcenter\u00a0\u00bb style=\u00a0\u00bbvc_box_shadow_3d\u00a0\u00bb css_animation=\u00a0\u00bbappear\u00a0\u00bb][\/vc_column][vc_column width=\u00a0\u00bb1\/3&Prime;][vc_single_image image=\u00a0\u00bb1580&Prime; img_size=\u00a0\u00bbmedium\u00a0\u00bb alignment=\u00a0\u00bbcenter\u00a0\u00bb style=\u00a0\u00bbvc_box_shadow_3d\u00a0\u00bb css_animation=\u00a0\u00bbappear\u00a0\u00bb][\/vc_column][\/vc_row][vc_row][vc_column][vc_column_text] [\/vc_column_text][\/vc_column][\/vc_row]\" \/>\n<meta property=\"og:url\" content=\"https:\/\/www.grenouillere-museum.com\/grenouillere\/accueil_save\/\" \/>\n<meta property=\"og:site_name\" content=\"Mus\u00e9e de la Grenouill\u00e8re Croissy sur Seine\" \/>\n<meta property=\"article:publisher\" content=\"https:\/\/www.facebook.com\/grenouillere.museum\/\" \/>\n<meta property=\"article:modified_time\" content=\"2020-03-05T16:24:18+00:00\" \/>\n<meta property=\"og:image\" content=\"https:\/\/www.grenouillere-museum.com\/grenouillere\/wp-content\/uploads\/2019\/09\/GR-1370-x-1755-Affiche-Renoir-A4.jpg\" \/>\n\t<meta property=\"og:image:width\" content=\"1370\" \/>\n\t<meta property=\"og:image:height\" content=\"1755\" \/>\n\t<meta property=\"og:image:type\" content=\"image\/jpeg\" \/>\n<meta name=\"twitter:card\" content=\"summary_large_image\" \/>\n<script type=\"application\/ld+json\" class=\"yoast-schema-graph\">{\"@context\":\"https:\/\/schema.org\",\"@graph\":[{\"@type\":\"WebPage\",\"@id\":\"https:\/\/www.grenouillere-museum.com\/grenouillere\/accueil_save\/\",\"url\":\"https:\/\/www.grenouillere-museum.com\/grenouillere\/accueil_save\/\",\"name\":\"accueil sauv\u00e9 - Mus\u00e9e de la Grenouill\u00e8re Croissy sur Seine\",\"isPartOf\":{\"@id\":\"https:\/\/www.grenouillere-museum.com\/grenouillere\/#website\"},\"primaryImageOfPage\":{\"@id\":\"https:\/\/www.grenouillere-museum.com\/grenouillere\/accueil_save\/#primaryimage\"},\"image\":{\"@id\":\"https:\/\/www.grenouillere-museum.com\/grenouillere\/accueil_save\/#primaryimage\"},\"thumbnailUrl\":\"https:\/\/www.grenouillere-museum.com\/grenouillere\/wp-content\/uploads\/2019\/09\/GR-1370-x-1755-Affiche-Renoir-A4.jpg\",\"datePublished\":\"2019-12-03T11:00:42+00:00\",\"dateModified\":\"2020-03-05T16:24:18+00:00\",\"breadcrumb\":{\"@id\":\"https:\/\/www.grenouillere-museum.com\/grenouillere\/accueil_save\/#breadcrumb\"},\"inLanguage\":\"fr-FR\",\"potentialAction\":[{\"@type\":\"ReadAction\",\"target\":[\"https:\/\/www.grenouillere-museum.com\/grenouillere\/accueil_save\/\"]}]},{\"@type\":\"ImageObject\",\"inLanguage\":\"fr-FR\",\"@id\":\"https:\/\/www.grenouillere-museum.com\/grenouillere\/accueil_save\/#primaryimage\",\"url\":\"https:\/\/www.grenouillere-museum.com\/grenouillere\/wp-content\/uploads\/2019\/09\/GR-1370-x-1755-Affiche-Renoir-A4.jpg\",\"contentUrl\":\"https:\/\/www.grenouillere-museum.com\/grenouillere\/wp-content\/uploads\/2019\/09\/GR-1370-x-1755-Affiche-Renoir-A4.jpg\",\"width\":1370,\"height\":1755},{\"@type\":\"BreadcrumbList\",\"@id\":\"https:\/\/www.grenouillere-museum.com\/grenouillere\/accueil_save\/#breadcrumb\",\"itemListElement\":[{\"@type\":\"ListItem\",\"position\":1,\"name\":\"Accueil\",\"item\":\"https:\/\/www.grenouillere-museum.com\/grenouillere\/\"},{\"@type\":\"ListItem\",\"position\":2,\"name\":\"accueil sauv\u00e9\"}]},{\"@type\":\"WebSite\",\"@id\":\"https:\/\/www.grenouillere-museum.com\/grenouillere\/#website\",\"url\":\"https:\/\/www.grenouillere-museum.com\/grenouillere\/\",\"name\":\"Mus\u00e9e de la Grenouill\u00e8re\",\"description\":\"Laissez-vous emmener sur le lieu de naissance de l\u2019Impressionnisme\",\"potentialAction\":[{\"@type\":\"SearchAction\",\"target\":{\"@type\":\"EntryPoint\",\"urlTemplate\":\"https:\/\/www.grenouillere-museum.com\/grenouillere\/?s={search_term_string}\"},\"query-input\":{\"@type\":\"PropertyValueSpecification\",\"valueRequired\":true,\"valueName\":\"search_term_string\"}}],\"inLanguage\":\"fr-FR\"}]}<\/script>\n<!-- \/ Yoast SEO plugin. -->","yoast_head_json":{"title":"accueil sauv\u00e9 - Mus\u00e9e de la Grenouill\u00e8re Croissy sur Seine","robots":{"index":"index","follow":"follow","max-snippet":"max-snippet:-1","max-image-preview":"max-image-preview:large","max-video-preview":"max-video-preview:-1"},"canonical":"https:\/\/www.grenouillere-museum.com\/grenouillere\/accueil_save\/","og_locale":"fr_FR","og_type":"article","og_title":"accueil sauv\u00e9 - Mus\u00e9e de la Grenouill\u00e8re Croissy sur Seine","og_description":"[vc_row][vc_column width=\u00a0\u00bb1\/3&Prime;][vc_single_image image=\u00a0\u00bb7075&Prime; img_size=\u00a0\u00bbmedium\u00a0\u00bb alignment=\u00a0\u00bbcenter\u00a0\u00bb style=\u00a0\u00bbvc_box_shadow_3d\u00a0\u00bb css_animation=\u00a0\u00bbappear\u00a0\u00bb][\/vc_column][vc_column width=\u00a0\u00bb1\/3&Prime;][vc_single_image image=\u00a0\u00bb7021&Prime; img_size=\u00a0\u00bbmedium\u00a0\u00bb alignment=\u00a0\u00bbcenter\u00a0\u00bb style=\u00a0\u00bbvc_box_shadow_3d\u00a0\u00bb css_animation=\u00a0\u00bbappear\u00a0\u00bb][\/vc_column][vc_column width=\u00a0\u00bb1\/3&Prime;][vc_single_image image=\u00a0\u00bb1580&Prime; img_size=\u00a0\u00bbmedium\u00a0\u00bb alignment=\u00a0\u00bbcenter\u00a0\u00bb style=\u00a0\u00bbvc_box_shadow_3d\u00a0\u00bb css_animation=\u00a0\u00bbappear\u00a0\u00bb][\/vc_column][\/vc_row][vc_row][vc_column][vc_column_text] [\/vc_column_text][\/vc_column][\/vc_row]","og_url":"https:\/\/www.grenouillere-museum.com\/grenouillere\/accueil_save\/","og_site_name":"Mus\u00e9e de la Grenouill\u00e8re Croissy sur Seine","article_publisher":"https:\/\/www.facebook.com\/grenouillere.museum\/","article_modified_time":"2020-03-05T16:24:18+00:00","og_image":[{"width":1370,"height":1755,"url":"https:\/\/www.grenouillere-museum.com\/grenouillere\/wp-content\/uploads\/2019\/09\/GR-1370-x-1755-Affiche-Renoir-A4.jpg","type":"image\/jpeg"}],"twitter_card":"summary_large_image","schema":{"@context":"https:\/\/schema.org","@graph":[{"@type":"WebPage","@id":"https:\/\/www.grenouillere-museum.com\/grenouillere\/accueil_save\/","url":"https:\/\/www.grenouillere-museum.com\/grenouillere\/accueil_save\/","name":"accueil sauv\u00e9 - Mus\u00e9e de la Grenouill\u00e8re Croissy sur Seine","isPartOf":{"@id":"https:\/\/www.grenouillere-museum.com\/grenouillere\/#website"},"primaryImageOfPage":{"@id":"https:\/\/www.grenouillere-museum.com\/grenouillere\/accueil_save\/#primaryimage"},"image":{"@id":"https:\/\/www.grenouillere-museum.com\/grenouillere\/accueil_save\/#primaryimage"},"thumbnailUrl":"https:\/\/www.grenouillere-museum.com\/grenouillere\/wp-content\/uploads\/2019\/09\/GR-1370-x-1755-Affiche-Renoir-A4.jpg","datePublished":"2019-12-03T11:00:42+00:00","dateModified":"2020-03-05T16:24:18+00:00","breadcrumb":{"@id":"https:\/\/www.grenouillere-museum.com\/grenouillere\/accueil_save\/#breadcrumb"},"inLanguage":"fr-FR","potentialAction":[{"@type":"ReadAction","target":["https:\/\/www.grenouillere-museum.com\/grenouillere\/accueil_save\/"]}]},{"@type":"ImageObject","inLanguage":"fr-FR","@id":"https:\/\/www.grenouillere-museum.com\/grenouillere\/accueil_save\/#primaryimage","url":"https:\/\/www.grenouillere-museum.com\/grenouillere\/wp-content\/uploads\/2019\/09\/GR-1370-x-1755-Affiche-Renoir-A4.jpg","contentUrl":"https:\/\/www.grenouillere-museum.com\/grenouillere\/wp-content\/uploads\/2019\/09\/GR-1370-x-1755-Affiche-Renoir-A4.jpg","width":1370,"height":1755},{"@type":"BreadcrumbList","@id":"https:\/\/www.grenouillere-museum.com\/grenouillere\/accueil_save\/#breadcrumb","itemListElement":[{"@type":"ListItem","position":1,"name":"Accueil","item":"https:\/\/www.grenouillere-museum.com\/grenouillere\/"},{"@type":"ListItem","position":2,"name":"accueil sauv\u00e9"}]},{"@type":"WebSite","@id":"https:\/\/www.grenouillere-museum.com\/grenouillere\/#website","url":"https:\/\/www.grenouillere-museum.com\/grenouillere\/","name":"Mus\u00e9e de la Grenouill\u00e8re","description":"Laissez-vous emmener sur le lieu de naissance de l\u2019Impressionnisme","potentialAction":[{"@type":"SearchAction","target":{"@type":"EntryPoint","urlTemplate":"https:\/\/www.grenouillere-museum.com\/grenouillere\/?s={search_term_string}"},"query-input":{"@type":"PropertyValueSpecification","valueRequired":true,"valueName":"search_term_string"}}],"inLanguage":"fr-FR"}]}},"_links":{"self":[{"href":"https:\/\/www.grenouillere-museum.com\/grenouillere\/wp-json\/wp\/v2\/pages\/3158"}],"collection":[{"href":"https:\/\/www.grenouillere-museum.com\/grenouillere\/wp-json\/wp\/v2\/pages"}],"about":[{"href":"https:\/\/www.grenouillere-museum.com\/grenouillere\/wp-json\/wp\/v2\/types\/page"}],"author":[{"embeddable":true,"href":"https:\/\/www.grenouillere-museum.com\/grenouillere\/wp-json\/wp\/v2\/users\/5"}],"replies":[{"embeddable":true,"href":"https:\/\/www.grenouillere-museum.com\/grenouillere\/wp-json\/wp\/v2\/comments?post=3158"}],"version-history":[{"count":3,"href":"https:\/\/www.grenouillere-museum.com\/grenouillere\/wp-json\/wp\/v2\/pages\/3158\/revisions"}],"predecessor-version":[{"id":7122,"href":"https:\/\/www.grenouillere-museum.com\/grenouillere\/wp-json\/wp\/v2\/pages\/3158\/revisions\/7122"}],"wp:featuredmedia":[{"embeddable":true,"href":"https:\/\/www.grenouillere-museum.com\/grenouillere\/wp-json\/wp\/v2\/media\/7075"}],"wp:attachment":[{"href":"https:\/\/www.grenouillere-museum.com\/grenouillere\/wp-json\/wp\/v2\/media?parent=3158"}],"curies":[{"name":"wp","href":"https:\/\/api.w.org\/{rel}","templated":true}]}}