{"version":"1.0","provider_name":"Mus\u00e9e de la Grenouill\u00e8re Croissy sur Seine ","provider_url":"https:\/\/www.grenouillere-museum.com\/grenouillere","title":"\u00ab Gabrielle mod\u00e8le pr\u00e9f\u00e9r\u00e9 de Renoir\u00bb, exposition jusqu'au 28 octobre 2020 - Mus\u00e9e de la Grenouill\u00e8re Croissy sur Seine","type":"rich","width":600,"height":338,"html":"<blockquote class=\"wp-embedded-content\" data-secret=\"Q2R8uS6tYR\"><a href=\"https:\/\/www.grenouillere-museum.com\/grenouillere\/5078-2\/\">\u00ab Gabrielle mod\u00e8le pr\u00e9f\u00e9r\u00e9 de Renoir\u00bb, exposition jusqu&rsquo;au 28 octobre 2020<\/a><\/blockquote><iframe sandbox=\"allow-scripts\" security=\"restricted\" src=\"https:\/\/www.grenouillere-museum.com\/grenouillere\/5078-2\/embed\/#?secret=Q2R8uS6tYR\" width=\"600\" height=\"338\" title=\"\u00ab\u00a0\u00ab Gabrielle mod\u00e8le pr\u00e9f\u00e9r\u00e9 de Renoir\u00bb, exposition jusqu&rsquo;au 28 octobre 2020\u00a0\u00bb &#8212; Mus\u00e9e de la Grenouill\u00e8re Croissy sur Seine \" data-secret=\"Q2R8uS6tYR\" frameborder=\"0\" marginwidth=\"0\" marginheight=\"0\" scrolling=\"no\" class=\"wp-embedded-content\"><\/iframe><script type=\"text\/javascript\">\n\/* <![CDATA[ *\/\n\/*! This file is auto-generated *\/\n!function(d,l){\"use strict\";l.querySelector&&d.addEventListener&&\"undefined\"!=typeof URL&&(d.wp=d.wp||{},d.wp.receiveEmbedMessage||(d.wp.receiveEmbedMessage=function(e){var t=e.data;if((t||t.secret||t.message||t.value)&&!\/[^a-zA-Z0-9]\/.test(t.secret)){for(var s,r,n,a=l.querySelectorAll('iframe[data-secret=\"'+t.secret+'\"]'),o=l.querySelectorAll('blockquote[data-secret=\"'+t.secret+'\"]'),c=new RegExp(\"^https?:$\",\"i\"),i=0;i<o.length;i++)o[i].style.display=\"none\";for(i=0;i<a.length;i++)s=a[i],e.source===s.contentWindow&&(s.removeAttribute(\"style\"),\"height\"===t.message?(1e3<(r=parseInt(t.value,10))?r=1e3:~~r<200&&(r=200),s.height=r):\"link\"===t.message&&(r=new URL(s.getAttribute(\"src\")),n=new URL(t.value),c.test(n.protocol))&&n.host===r.host&&l.activeElement===s&&(d.top.location.href=t.value))}},d.addEventListener(\"message\",d.wp.receiveEmbedMessage,!1),l.addEventListener(\"DOMContentLoaded\",function(){for(var e,t,s=l.querySelectorAll(\"iframe.wp-embedded-content\"),r=0;r<s.length;r++)(t=(e=s[r]).getAttribute(\"data-secret\"))||(t=Math.random().toString(36).substring(2,12),e.src+=\"#?secret=\"+t,e.setAttribute(\"data-secret\",t)),e.contentWindow.postMessage({message:\"ready\",secret:t},\"*\")},!1)))}(window,document);\n\/* ]]> *\/\n<\/script>\n","description":"[vc_row][vc_column][vc_custom_heading text=\u00a0\u00bb\u00ab Gabrielle mod\u00e8le pr\u00e9f\u00e9r\u00e9 de Renoir\u00bb. DU 23 FEVRIER AU 28 OCTOBRE 2020&Prime;][vc_column_text][\/vc_column_text][\/vc_column][\/vc_row][vc_row][vc_column][vc_column_text] Poursuivant son hommage \u00e0 Pierre-Auguste Renoir initi\u00e9 en 2019 pour le centenaire de la mort de l\u2019artiste, le Mus\u00e9e de la Grenouill\u00e8re nous invite \u00e0 un voyage de charme avec une exposition exceptionnelle. R\u00e9alis\u00e9e gr\u00e2ce au concours du Centre culturel Renoir [&hellip;]","thumbnail_url":"http:\/\/www.grenouillere-museum.com\/grenouillere\/wp-content\/uploads\/2020\/02\/Banniere-Expo-gabrielle.png"}

Musée de la Grenouillère Croissy sur Seine

« Gabrielle modèle préféré de Renoir», exposition jusqu'au 28 octobre 2020 - Musée de la Grenouillère Croissy sur Seine

<blockquote class="wp-embedded-content" data-secret="Q2R8uS6tYR"><a href="https://www.grenouillere-museum.com/grenouillere/5078-2/">« Gabrielle modèle préféré de Renoir», exposition jusqu&rsquo;au 28 octobre 2020</a></blockquote><iframe sandbox="allow-scripts" security="restricted" src="https://www.grenouillere-museum.com/grenouillere/5078-2/embed/#?secret=Q2R8uS6tYR" width="600" height="338" title="« « Gabrielle modèle préféré de Renoir», exposition jusqu&rsquo;au 28 octobre 2020 » &#8212; Musée de la Grenouillère Croissy sur Seine " data-secret="Q2R8uS6tYR" frameborder="0" marginwidth="0" marginheight="0" scrolling="no" class="wp-embedded-content"></iframe><script type="text/javascript">
/* <![CDATA[ */
/*! This file is auto-generated */
!function(d,l){"use strict";l.querySelector&&d.addEventListener&&"undefined"!=typeof URL&&(d.wp=d.wp||{},d.wp.receiveEmbedMessage||(d.wp.receiveEmbedMessage=function(e){var t=e.data;if((t||t.secret||t.message||t.value)&&!/[^a-zA-Z0-9]/.test(t.secret)){for(var s,r,n,a=l.querySelectorAll('iframe[data-secret="'+t.secret+'"]'),o=l.querySelectorAll('blockquote[data-secret="'+t.secret+'"]'),c=new RegExp("^https?:$","i"),i=0;i<o.length;i++)o[i].style.display="none";for(i=0;i<a.length;i++)s=a[i],e.source===s.contentWindow&&(s.removeAttribute("style"),"height"===t.message?(1e3<(r=parseInt(t.value,10))?r=1e3:~~r<200&&(r=200),s.height=r):"link"===t.message&&(r=new URL(s.getAttribute("src")),n=new URL(t.value),c.test(n.protocol))&&n.host===r.host&&l.activeElement===s&&(d.top.location.href=t.value))}},d.addEventListener("message",d.wp.receiveEmbedMessage,!1),l.addEventListener("DOMContentLoaded",function(){for(var e,t,s=l.querySelectorAll("iframe.wp-embedded-content"),r=0;r<s.length;r++)(t=(e=s[r]).getAttribute("data-secret"))||(t=Math.random().toString(36).substring(2,12),e.src+="#?secret="+t,e.setAttribute("data-secret",t)),e.contentWindow.postMessage({message:"ready",secret:t},"*")},!1)))}(window,document);
/* ]]> */
</script>

[vc_row][vc_column][vc_custom_heading text= »« Gabrielle modèle préféré de Renoir». DU 23 FEVRIER AU 28 OCTOBRE 2020&Prime;][vc_column_text][/vc_column_text][/vc_column][/vc_row][vc_row][vc_column][vc_column_text] Poursuivant son hommage à Pierre-Auguste Renoir initié en 2019 pour le centenaire de la mort de l’artiste, le Musée de la Grenouillère nous invite à un voyage de charme avec une exposition exceptionnelle. Réalisée grâce au concours du Centre culturel Renoir [&hellip;]
